Last updated on 2024-05-08 04:49:09 CEST.
Flavor | Version | Tinstall | Tcheck | Ttotal | Status | Flags |
---|---|---|---|---|---|---|
r-devel-linux-x86_64-debian-clang | 1.0.0 | 1.93 | 23.55 | 25.48 | NOTE | |
r-devel-linux-x86_64-debian-gcc | 1.0.0 | 1.84 | 17.80 | 19.64 | NOTE | |
r-devel-linux-x86_64-fedora-clang | 1.0.0 | 33.37 | NOTE | |||
r-devel-linux-x86_64-fedora-gcc | 1.0.0 | 30.69 | NOTE | |||
r-devel-windows-x86_64 | 1.0.0 | 3.00 | 36.00 | 39.00 | NOTE | |
r-patched-linux-x86_64 | 1.0.0 | 2.62 | 22.77 | 25.39 | NOTE | |
r-release-linux-x86_64 | 1.0.0 | 2.25 | 22.48 | 24.73 | NOTE | |
r-release-macos-arm64 | 1.0.0 | 15.00 | NOTE | |||
r-release-windows-x86_64 | 1.0.0 | 2.00 | 36.00 | 38.00 | NOTE | |
r-oldrel-macos-arm64 | 1.0.0 | 15.00 | NOTE | |||
r-oldrel-macos-x86_64 | 1.0.0 | 20.00 | NOTE | |||
r-oldrel-windows-x86_64 | 1.0.0 | 3.00 | 35.00 | 38.00 | NOTE |
Version: 1.0.0
Check: LazyData
Result: NOTE
'LazyData' is specified without a 'data' directory
Flavors: r-devel-linux-x86_64-debian-clang, r-devel-linux-x86_64-debian-gcc, r-devel-linux-x86_64-fedora-clang, r-devel-linux-x86_64-fedora-gcc, r-devel-windows-x86_64, r-patched-linux-x86_64, r-release-linux-x86_64, r-release-macos-arm64, r-release-windows-x86_64, r-oldrel-macos-arm64, r-oldrel-macos-x86_64, r-oldrel-windows-x86_64