Last updated on 2024-05-08 04:49:10 CEST.
Flavor | Version | Tinstall | Tcheck | Ttotal | Status | Flags |
---|---|---|---|---|---|---|
r-devel-linux-x86_64-debian-clang | 0.1.3 | 14.87 | 145.19 | 160.06 | NOTE | |
r-devel-linux-x86_64-debian-gcc | 0.1.3 | 10.83 | 105.75 | 116.58 | NOTE | |
r-devel-linux-x86_64-fedora-clang | 0.1.3 | 196.77 | NOTE | |||
r-devel-linux-x86_64-fedora-gcc | 0.1.3 | 187.30 | NOTE | |||
r-devel-windows-x86_64 | 0.1.3 | 13.00 | 123.00 | 136.00 | NOTE | |
r-patched-linux-x86_64 | 0.1.3 | 13.36 | 136.86 | 150.22 | NOTE | |
r-release-linux-x86_64 | 0.1.3 | 11.16 | 136.83 | 147.99 | NOTE | |
r-release-macos-arm64 | 0.1.3 | 57.00 | NOTE | |||
r-release-windows-x86_64 | 0.1.3 | 16.00 | 120.00 | 136.00 | NOTE | |
r-oldrel-macos-arm64 | 0.1.3 | 64.00 | OK | |||
r-oldrel-macos-x86_64 | 0.1.3 | 103.00 | OK | |||
r-oldrel-windows-x86_64 | 0.1.3 | 18.00 | 153.00 | 171.00 | OK |
Version: 0.1.3
Check: Rd files
Result: NOTE
checkRd: (-1) dist.evaluate.core.Rd:26: Lost braces; missing escapes or markup?
26 | the \code{names} column in {data} as labels. If \code{NULL} (default),
| ^
Flavors: r-devel-linux-x86_64-debian-clang, r-devel-linux-x86_64-debian-gcc, r-devel-linux-x86_64-fedora-clang, r-devel-linux-x86_64-fedora-gcc, r-devel-windows-x86_64, r-patched-linux-x86_64, r-release-linux-x86_64, r-release-macos-arm64, r-release-windows-x86_64