Last updated on 2024-05-08 04:49:10 CEST.
Flavor | Version | Tinstall | Tcheck | Ttotal | Status | Flags |
---|---|---|---|---|---|---|
r-devel-linux-x86_64-debian-clang | 2016.5.31 | 1.81 | 17.34 | 19.15 | NOTE | |
r-devel-linux-x86_64-debian-gcc | 2016.5.31 | 1.12 | 13.37 | 14.49 | NOTE | |
r-devel-linux-x86_64-fedora-clang | 2016.5.31 | 23.94 | NOTE | |||
r-devel-linux-x86_64-fedora-gcc | 2016.5.31 | 23.51 | NOTE | |||
r-devel-windows-x86_64 | 2016.5.31 | 2.00 | 37.00 | 39.00 | NOTE | |
r-patched-linux-x86_64 | 2016.5.31 | 1.98 | 16.91 | 18.89 | NOTE | |
r-release-linux-x86_64 | 2016.5.31 | 1.74 | 16.81 | 18.55 | NOTE | |
r-release-macos-arm64 | 2016.5.31 | 12.00 | NOTE | |||
r-release-windows-x86_64 | 2016.5.31 | 3.00 | 38.00 | 41.00 | NOTE | |
r-oldrel-macos-arm64 | 2016.5.31 | 15.00 | OK | |||
r-oldrel-macos-x86_64 | 2016.5.31 | 17.00 | OK | |||
r-oldrel-windows-x86_64 | 2016.5.31 | 3.00 | 35.00 | 38.00 | OK |
Version: 2016.5.31
Check: Rd files
Result: NOTE
checkRd: (-1) happy.Rd:14: Lost braces
14 | code{Pretty happy} < \code{Very happy}}
| ^
Flavors: r-devel-linux-x86_64-debian-clang, r-devel-linux-x86_64-debian-gcc, r-devel-linux-x86_64-fedora-clang, r-devel-linux-x86_64-fedora-gcc, r-devel-windows-x86_64, r-patched-linux-x86_64, r-release-linux-x86_64, r-release-macos-arm64, r-release-windows-x86_64