Last updated on 2024-05-08 04:49:14 CEST.
Flavor | Version | Tinstall | Tcheck | Ttotal | Status | Flags |
---|---|---|---|---|---|---|
r-devel-linux-x86_64-debian-clang | 0.1.8.10 | 56.92 | 152.72 | 209.64 | OK | |
r-devel-linux-x86_64-debian-gcc | 0.1.8.10 | 44.37 | 108.79 | 153.16 | OK | |
r-devel-linux-x86_64-fedora-clang | 0.1.8.10 | 284.04 | NOTE | |||
r-devel-linux-x86_64-fedora-gcc | 0.1.8.10 | 326.38 | NOTE | |||
r-devel-windows-x86_64 | 0.1.8.10 | 46.00 | 168.00 | 214.00 | OK | |
r-patched-linux-x86_64 | 0.1.8.10 | 54.70 | 141.07 | 195.77 | OK | |
r-release-linux-x86_64 | 0.1.8.10 | 38.72 | 141.39 | 180.11 | OK | |
r-release-macos-arm64 | 0.1.8.10 | 75.00 | NOTE | |||
r-release-macos-x86_64 | 0.1.8.10 | 165.00 | NOTE | |||
r-release-windows-x86_64 | 0.1.8.10 | 44.00 | 164.00 | 208.00 | OK | |
r-oldrel-macos-arm64 | 0.1.8.10 | 85.00 | NOTE | |||
r-oldrel-macos-x86_64 | 0.1.8.10 | 157.00 | NOTE | |||
r-oldrel-windows-x86_64 | 0.1.8.10 | 55.00 | 204.00 | 259.00 | OK |
Version: 0.1.8.10
Check: data for non-ASCII characters
Result: NOTE
Note: found 102 marked UTF-8 strings
Flavors: r-devel-linux-x86_64-fedora-clang, r-devel-linux-x86_64-fedora-gcc
Version: 0.1.8.10
Check: installed package size
Result: NOTE
installed size is 5.1Mb
sub-directories of 1Mb or more:
data 1.4Mb
libs 1.8Mb
shiny-server 1.0Mb
Flavors: r-release-macos-arm64, r-release-macos-x86_64, r-oldrel-macos-arm64, r-oldrel-macos-x86_64