Last updated on 2024-05-08 04:49:19 CEST.
Flavor | Version | Tinstall | Tcheck | Ttotal | Status | Flags |
---|---|---|---|---|---|---|
r-devel-linux-x86_64-debian-clang | 1.0.3 | 17.93 | 126.66 | 144.59 | NOTE | |
r-devel-linux-x86_64-debian-gcc | 1.0.3 | 13.69 | 93.51 | 107.20 | NOTE | |
r-devel-linux-x86_64-fedora-clang | 1.0.3 | 176.84 | NOTE | |||
r-devel-linux-x86_64-fedora-gcc | 1.0.3 | 232.96 | NOTE | |||
r-devel-windows-x86_64 | 1.0.3 | 15.00 | 98.00 | 113.00 | NOTE | |
r-patched-linux-x86_64 | 1.0.3 | 13.79 | 120.47 | 134.26 | NOTE | |
r-release-linux-x86_64 | 1.0.3 | 13.05 | 118.35 | 131.40 | NOTE | |
r-release-macos-arm64 | 1.0.3 | 49.00 | NOTE | |||
r-release-windows-x86_64 | 1.0.3 | 15.00 | 101.00 | 116.00 | NOTE | |
r-oldrel-macos-arm64 | 1.0.3 | 57.00 | OK | |||
r-oldrel-macos-x86_64 | 1.0.3 | 85.00 | OK | |||
r-oldrel-windows-x86_64 | 1.0.3 | 19.00 | 118.00 | 137.00 | OK |
Version: 1.0.3
Check: Rd files
Result: NOTE
checkRd: (-1) PhageCocktail.Rd:100-103: Lost braces
100 | "Result": {
| ^
checkRd: (-1) PhageCocktail.Rd:105-112: Lost braces
105 | "BacteriaLysed": {
| ^
Flavors: r-devel-linux-x86_64-debian-clang, r-devel-linux-x86_64-debian-gcc, r-devel-linux-x86_64-fedora-clang, r-devel-linux-x86_64-fedora-gcc, r-devel-windows-x86_64, r-patched-linux-x86_64, r-release-linux-x86_64, r-release-macos-arm64, r-release-windows-x86_64