Last updated on 2024-05-08 04:49:19 CEST.
Flavor | Version | Tinstall | Tcheck | Ttotal | Status | Flags |
---|---|---|---|---|---|---|
r-devel-linux-x86_64-debian-clang | 1.3.2 | 55.45 | 443.98 | 499.43 | NOTE | |
r-devel-linux-x86_64-debian-gcc | 1.3.2 | 41.83 | 314.43 | 356.26 | NOTE | |
r-devel-linux-x86_64-fedora-clang | 1.3.2 | 647.80 | OK | |||
r-devel-linux-x86_64-fedora-gcc | 1.3.2 | 820.78 | OK | |||
r-devel-windows-x86_64 | 1.3.2 | 37.00 | 313.00 | 350.00 | OK | |
r-patched-linux-x86_64 | 1.3.2 | 44.77 | 417.26 | 462.03 | NOTE | |
r-release-linux-x86_64 | 1.3.2 | 30.21 | 411.96 | 442.17 | NOTE | |
r-release-macos-arm64 | 1.3.2 | 140.00 | NOTE | |||
r-release-macos-x86_64 | 1.3.2 | 430.00 | NOTE | |||
r-release-windows-x86_64 | 1.3.2 | 36.00 | 314.00 | 350.00 | OK | |
r-oldrel-macos-arm64 | 1.3.2 | 193.00 | NOTE | |||
r-oldrel-macos-x86_64 | 1.3.2 | 320.00 | NOTE | |||
r-oldrel-windows-x86_64 | 1.3.2 | 49.00 | 357.00 | 406.00 | NOTE |
Version: 1.3.2
Check: package dependencies
Result: NOTE
Package suggested but not available for checking: ‘INLA’
Flavors: r-devel-linux-x86_64-debian-clang, r-devel-linux-x86_64-debian-gcc, r-patched-linux-x86_64, r-release-linux-x86_64, r-release-macos-arm64, r-release-macos-x86_64, r-oldrel-macos-arm64, r-oldrel-macos-x86_64, r-oldrel-windows-x86_64
Version: 1.3.2
Check: Rd cross-references
Result: NOTE
Package unavailable to check Rd xrefs: ‘INLA’
Flavors: r-devel-linux-x86_64-debian-clang, r-devel-linux-x86_64-debian-gcc, r-patched-linux-x86_64, r-release-linux-x86_64, r-release-macos-arm64, r-release-macos-x86_64, r-oldrel-macos-arm64, r-oldrel-macos-x86_64, r-oldrel-windows-x86_64