Last updated on 2024-05-08 04:49:29 CEST.
Flavor | Version | Tinstall | Tcheck | Ttotal | Status | Flags |
---|---|---|---|---|---|---|
r-devel-linux-x86_64-debian-clang | 1.1.4 | 30.47 | 408.02 | 438.49 | OK | |
r-devel-linux-x86_64-debian-gcc | 1.1.4 | 20.89 | 289.69 | 310.58 | OK | |
r-devel-linux-x86_64-fedora-clang | 1.1.4 | 530.46 | NOTE | |||
r-devel-linux-x86_64-fedora-gcc | 1.1.4 | 568.33 | OK | |||
r-devel-windows-x86_64 | 1.1.4 | 21.00 | 293.00 | 314.00 | NOTE | |
r-patched-linux-x86_64 | 1.1.4 | 17.78 | 376.43 | 394.21 | OK | |
r-release-linux-x86_64 | 1.1.4 | 18.56 | 380.36 | 398.92 | OK | |
r-release-macos-arm64 | 1.1.4 | 144.00 | NOTE | |||
r-release-windows-x86_64 | 1.1.4 | 24.00 | 285.00 | 309.00 | NOTE | |
r-oldrel-macos-arm64 | 1.1.4 | 149.00 | NOTE | |||
r-oldrel-macos-x86_64 | 1.1.4 | 314.00 | NOTE | |||
r-oldrel-windows-x86_64 | 1.1.4 | 30.00 | 382.00 | 412.00 | NOTE |
Version: 1.1.4
Check: installed package size
Result: NOTE
installed size is 5.4Mb
sub-directories of 1Mb or more:
doc 4.3Mb
Flavors: r-devel-linux-x86_64-fedora-clang, r-devel-windows-x86_64, r-release-macos-arm64, r-release-windows-x86_64, r-oldrel-macos-arm64, r-oldrel-macos-x86_64, r-oldrel-windows-x86_64