Last updated on 2024-05-08 04:49:29 CEST.
Flavor | Version | Tinstall | Tcheck | Ttotal | Status | Flags |
---|---|---|---|---|---|---|
r-devel-linux-x86_64-debian-clang | 1.7.1 | 2.15 | 33.99 | 36.14 | OK | |
r-devel-linux-x86_64-debian-gcc | 1.7.1 | 2.11 | 26.35 | 28.46 | OK | |
r-devel-linux-x86_64-fedora-clang | 1.7.1 | 47.30 | OK | |||
r-devel-linux-x86_64-fedora-gcc | 1.7.1 | 65.63 | OK | |||
r-devel-windows-x86_64 | 1.7.1 | 4.00 | 51.00 | 55.00 | OK | |
r-patched-linux-x86_64 | 1.7.1 | 3.58 | 32.51 | 36.09 | OK | |
r-release-linux-x86_64 | 1.7.1 | 2.80 | 32.99 | 35.79 | ERROR | |
r-release-macos-arm64 | 1.7.1 | 25.00 | OK | |||
r-release-macos-x86_64 | 1.7.1 | 66.00 | OK | |||
r-release-windows-x86_64 | 1.7.1 | 4.00 | 51.00 | 55.00 | OK | |
r-oldrel-macos-arm64 | 1.7.1 | 29.00 | OK | |||
r-oldrel-macos-x86_64 | 1.7.1 | 51.00 | OK | |||
r-oldrel-windows-x86_64 | 1.7.1 | 5.00 | 51.00 | 56.00 | OK |
Version: 1.7.1
Check: tests
Result: ERROR
Running ‘testthat.R’ [2s/13s]
Running the tests in ‘tests/testthat.R’ failed.
Complete output:
> library(WikipediR)
> library(testthat)
> test_check("WikipediR")
[ FAIL 1 | WARN 0 | SKIP 21 | PASS 0 ]
══ Skipped tests (21) ══════════════════════════════════════════════════════════
• On CRAN (21): 'test_category_retrieval.R:4:3',
'test_category_retrieval.R:9:3', 'test_category_retrieval.R:14:3',
'test_category_retrieval.R:19:3', 'test_category_retrieval.R:24:3',
'test_content_retrieval.R:4:3', 'test_content_retrieval.R:10:3',
'test_content_retrieval.R:16:3', 'test_content_retrieval.R:21:3',
'test_content_retrieval.R:26:3', 'test_metadata_retrieval.R:4:3',
'test_metadata_retrieval.R:9:3', 'test_metadata_retrieval.R:14:3',
'test_metadata_retrieval.R:19:3', 'test_metadata_retrieval.R:24:3',
'test_metadata_retrieval.R:29:3', 'test_metadata_retrieval.R:34:3',
'test_recent_changes.R:4:3', 'test_recent_changes.R:9:3',
'test_recent_changes.R:14:3', 'test_recent_changes.R:19:3'
══ Failed tests ════════════════════════════════════════════════════════════════
── Error ('test_metadata_retrieval.R:39:16'): page info with specified params can be retrieved through page_info ──
Error in `curl::curl_fetch_memory(url, handle = handle)`: Timeout was reached: [en.wikipedia.org] Failed to connect to en.wikipedia.org port 443 after 10002 ms: Timeout was reached
Backtrace:
▆
1. ├─testthat::expect_true(...) at test_metadata_retrieval.R:39:3
2. │ └─testthat::quasi_label(enquo(object), label, arg = "object")
3. │ └─rlang::eval_bare(expr, quo_get_env(quo))
4. └─WikipediR::page_info(...) at test_metadata_retrieval.R:39:16
5. └─WikipediR::query(...)
6. └─httr::GET(...)
7. └─httr:::request_perform(req, hu$handle$handle)
8. ├─httr:::request_fetch(req$output, req$url, handle)
9. └─httr:::request_fetch.write_memory(req$output, req$url, handle)
10. └─curl::curl_fetch_memory(url, handle = handle)
[ FAIL 1 | WARN 0 | SKIP 21 | PASS 0 ]
Error: Test failures
Execution halted
Flavor: r-release-linux-x86_64