Last updated on 2024-05-08 04:49:04 CEST.
Flavor | Version | Tinstall | Tcheck | Ttotal | Status | Flags |
---|---|---|---|---|---|---|
r-devel-linux-x86_64-debian-clang | 1.3.5 | 63.09 | 114.52 | 177.61 | NOTE | |
r-devel-linux-x86_64-debian-gcc | 1.3.5 | 44.43 | 83.25 | 127.68 | NOTE | |
r-devel-linux-x86_64-fedora-clang | 1.3.5 | 224.88 | NOTE | |||
r-devel-linux-x86_64-fedora-gcc | 1.3.5 | 285.79 | NOTE | |||
r-devel-windows-x86_64 | 1.3.5 | 48.00 | 117.00 | 165.00 | NOTE | |
r-patched-linux-x86_64 | 1.3.5 | 55.55 | 108.03 | 163.58 | NOTE | |
r-release-linux-x86_64 | 1.3.5 | 59.42 | 107.73 | 167.15 | NOTE | |
r-release-macos-arm64 | 1.3.5 | 57.00 | NOTE | |||
r-release-windows-x86_64 | 1.3.5 | 45.00 | 114.00 | 159.00 | NOTE | |
r-oldrel-macos-arm64 | 1.3.5 | 63.00 | NOTE | |||
r-oldrel-macos-x86_64 | 1.3.5 | 112.00 | NOTE | |||
r-oldrel-windows-x86_64 | 1.3.5 | 58.00 | 136.00 | 194.00 | NOTE |
Version: 1.3.5
Check: C++ specification
Result: NOTE
Specified C++11: please drop specification unless essential
Flavors: r-devel-linux-x86_64-debian-clang, r-devel-linux-x86_64-debian-gcc, r-devel-linux-x86_64-fedora-clang, r-devel-linux-x86_64-fedora-gcc, r-devel-windows-x86_64, r-patched-linux-x86_64, r-release-linux-x86_64, r-release-macos-arm64, r-release-windows-x86_64, r-oldrel-macos-arm64, r-oldrel-macos-x86_64, r-oldrel-windows-x86_64