Last updated on 2024-05-08 04:49:04 CEST.
Flavor | Version | Tinstall | Tcheck | Ttotal | Status | Flags |
---|---|---|---|---|---|---|
r-devel-linux-x86_64-debian-clang | 0.0.2 | 340.51 | 248.84 | 589.35 | NOTE | |
r-devel-linux-x86_64-debian-gcc | 0.0.2 | 303.75 | 220.24 | 523.99 | NOTE | |
r-devel-linux-x86_64-fedora-clang | 0.0.2 | 712.56 | NOTE | |||
r-devel-linux-x86_64-fedora-gcc | 0.0.2 | 1080.03 | NOTE | |||
r-devel-windows-x86_64 | 0.0.2 | 262.00 | 264.00 | 526.00 | NOTE | |
r-patched-linux-x86_64 | 0.0.2 | 247.65 | 308.75 | 556.40 | NOTE | |
r-release-linux-x86_64 | 0.0.2 | 269.44 | 287.75 | 557.19 | NOTE | |
r-release-macos-arm64 | 0.0.2 | 175.00 | NOTE | |||
r-release-windows-x86_64 | 0.0.2 | 255.00 | 261.00 | 516.00 | NOTE | |
r-oldrel-macos-arm64 | 0.0.2 | 167.00 | NOTE | |||
r-oldrel-macos-x86_64 | 0.0.2 | 288.00 | NOTE | |||
r-oldrel-windows-x86_64 | 0.0.2 | 317.00 | 313.00 | 630.00 | NOTE |
Version: 0.0.2
Check: for GNU extensions in Makefiles
Result: NOTE
GNU make is a SystemRequirements.
Flavors: r-devel-linux-x86_64-debian-clang, r-devel-linux-x86_64-debian-gcc, r-devel-linux-x86_64-fedora-clang, r-devel-linux-x86_64-fedora-gcc, r-devel-windows-x86_64, r-patched-linux-x86_64, r-release-linux-x86_64, r-release-macos-arm64, r-release-windows-x86_64, r-oldrel-macos-arm64, r-oldrel-macos-x86_64, r-oldrel-windows-x86_64
Version: 0.0.2
Check: dependencies in R code
Result: NOTE
Namespace in Imports field not imported from: ‘rstantools’
All declared Imports should be used.
Flavors: r-devel-linux-x86_64-fedora-clang, r-devel-linux-x86_64-fedora-gcc
Version: 0.0.2
Check: installed package size
Result: NOTE
installed size is 54.6Mb
sub-directories of 1Mb or more:
libs 54.2Mb
Flavors: r-release-macos-arm64, r-oldrel-macos-arm64, r-oldrel-macos-x86_64