Last updated on 2024-05-08 04:49:05 CEST.
Flavor | Version | Tinstall | Tcheck | Ttotal | Status | Flags |
---|---|---|---|---|---|---|
r-devel-linux-x86_64-debian-clang | 0.2.0 | 3.02 | 30.69 | 33.71 | OK | |
r-devel-linux-x86_64-debian-gcc | 0.2.0 | 2.14 | 23.84 | 25.98 | OK | |
r-devel-linux-x86_64-fedora-clang | 0.2.0 | 44.31 | NOTE | |||
r-devel-linux-x86_64-fedora-gcc | 0.2.0 | 58.47 | NOTE | |||
r-devel-windows-x86_64 | 0.2.0 | 3.00 | 46.00 | 49.00 | OK | |
r-patched-linux-x86_64 | 0.2.0 | 2.35 | 29.93 | 32.28 | OK | |
r-release-linux-x86_64 | 0.2.0 | 2.80 | 29.55 | 32.35 | OK | |
r-release-macos-arm64 | 0.2.0 | 19.00 | OK | |||
r-release-macos-x86_64 | 0.2.0 | 43.00 | OK | |||
r-release-windows-x86_64 | 0.2.0 | 3.00 | 45.00 | 48.00 | OK | |
r-oldrel-macos-arm64 | 0.2.0 | 26.00 | OK | |||
r-oldrel-macos-x86_64 | 0.2.0 | 42.00 | OK | |||
r-oldrel-windows-x86_64 | 0.2.0 | 4.00 | 46.00 | 50.00 | OK |
Version: 0.2.0
Check: data for non-ASCII characters
Result: NOTE
Note: found 4 marked UTF-8 strings
Flavors: r-devel-linux-x86_64-fedora-clang, r-devel-linux-x86_64-fedora-gcc