Last updated on 2024-05-08 04:49:05 CEST.
Flavor | Version | Tinstall | Tcheck | Ttotal | Status | Flags |
---|---|---|---|---|---|---|
r-devel-linux-x86_64-debian-clang | 1.1-2 | 13.10 | 380.48 | 393.58 | OK | |
r-devel-linux-x86_64-debian-gcc | 1.1-2 | 10.04 | 279.97 | 290.01 | OK | |
r-devel-linux-x86_64-fedora-clang | 1.1-2 | 447.14 | OK | |||
r-devel-linux-x86_64-fedora-gcc | 1.1-2 | 583.12 | OK | |||
r-devel-windows-x86_64 | 1.1-2 | 10.00 | 161.00 | 171.00 | OK | |
r-patched-linux-x86_64 | 1.1-2 | 10.65 | 381.52 | 392.17 | OK | |
r-release-linux-x86_64 | 1.1-2 | 11.68 | 368.56 | 380.24 | NOTE | |
r-release-macos-arm64 | 1.1-2 | 126.00 | OK | |||
r-release-windows-x86_64 | 1.1-2 | 10.00 | 157.00 | 167.00 | OK | |
r-oldrel-macos-arm64 | 1.1-2 | 106.00 | OK | |||
r-oldrel-macos-x86_64 | 1.1-2 | 118.00 | NOTE | |||
r-oldrel-windows-x86_64 | 1.1-2 | 15.00 | 206.00 | 221.00 | OK |
Version: 1.1-2
Check: package dependencies
Result: NOTE
Package suggested but not available for checking: ‘rstanarm’
Flavor: r-release-linux-x86_64
Version: 1.1-2
Check: package dependencies
Result: NOTE
Packages suggested but not available for checking:
'BayesFactor', 'rstan', 'rstanarm', 'MCMCpack'
Flavor: r-oldrel-macos-x86_64