Last updated on 2024-05-08 04:49:06 CEST.
Flavor | Version | Tinstall | Tcheck | Ttotal | Status | Flags |
---|---|---|---|---|---|---|
r-devel-linux-x86_64-debian-clang | 0.5.10 | 8.15 | 305.30 | 313.45 | NOTE | |
r-devel-linux-x86_64-debian-gcc | 0.5.10 | 5.77 | 241.96 | 247.73 | NOTE | |
r-devel-linux-x86_64-fedora-clang | 0.5.10 | 376.43 | NOTE | |||
r-devel-linux-x86_64-fedora-gcc | 0.5.10 | 431.45 | NOTE | |||
r-devel-windows-x86_64 | 0.5.10 | 7.00 | 251.00 | 258.00 | NOTE | |
r-patched-linux-x86_64 | 0.5.10 | 8.47 | 312.63 | 321.10 | NOTE | |
r-release-linux-x86_64 | 0.5.10 | 6.91 | 319.71 | 326.62 | NOTE | |
r-release-macos-arm64 | 0.5.10 | 107.00 | NOTE | |||
r-release-windows-x86_64 | 0.5.10 | 7.00 | 241.00 | 248.00 | NOTE | |
r-oldrel-macos-arm64 | 0.5.10 | 149.00 | OK | |||
r-oldrel-macos-x86_64 | 0.5.10 | 368.00 | OK | |||
r-oldrel-windows-x86_64 | 0.5.10 | 8.00 | 320.00 | 328.00 | OK |
Version: 0.5.10
Check: Rd files
Result: NOTE
checkRd: (-1) impute_covariance_matrix.Rd:74-79: Lost braces in \itemize; meant \describe ?
checkRd: (-1) impute_covariance_matrix.Rd:80-87: Lost braces in \itemize; meant \describe ?
checkRd: (-1) impute_covariance_matrix.Rd:88-98: Lost braces in \itemize; meant \describe ?
Flavors: r-devel-linux-x86_64-debian-clang, r-devel-linux-x86_64-debian-gcc, r-devel-linux-x86_64-fedora-clang, r-devel-linux-x86_64-fedora-gcc, r-devel-windows-x86_64, r-patched-linux-x86_64, r-release-linux-x86_64, r-release-macos-arm64, r-release-windows-x86_64