Last updated on 2024-05-08 04:49:07 CEST.
Flavor | Version | Tinstall | Tcheck | Ttotal | Status | Flags |
---|---|---|---|---|---|---|
r-devel-linux-x86_64-debian-clang | 1.2.9 | 44.91 | 374.52 | 419.43 | NOTE | |
r-devel-linux-x86_64-debian-gcc | 1.2.9 | 33.77 | 259.41 | 293.18 | NOTE | |
r-devel-linux-x86_64-fedora-clang | 1.2.9 | 491.92 | NOTE | |||
r-devel-linux-x86_64-fedora-gcc | 1.2.9 | 625.12 | NOTE | |||
r-devel-windows-x86_64 | 1.2.9 | 31.00 | 213.00 | 244.00 | NOTE | |
r-patched-linux-x86_64 | 1.2.9 | 25.96 | 347.35 | 373.31 | NOTE | |
r-release-linux-x86_64 | 1.2.9 | 29.58 | 340.91 | 370.49 | NOTE | |
r-release-macos-arm64 | 1.2.9 | 106.00 | NOTE | |||
r-release-windows-x86_64 | 1.2.9 | 30.00 | 216.00 | 246.00 | NOTE | |
r-oldrel-macos-arm64 | 1.2.9 | 125.00 | OK | |||
r-oldrel-macos-x86_64 | 1.2.9 | 217.00 | OK | |||
r-oldrel-windows-x86_64 | 1.2.9 | 43.00 | 291.00 | 334.00 | OK |
Version: 1.2.9
Check: Rd files
Result: NOTE
checkRd: (-1) mcmc.fmove.Rd:81: Lost braces; missing escapes or markup?
81 | beta ~ N( 0 , tau^2 * QQ^{-1} )
| ^
Flavors: r-devel-linux-x86_64-debian-clang, r-devel-linux-x86_64-debian-gcc, r-devel-linux-x86_64-fedora-clang, r-devel-linux-x86_64-fedora-gcc, r-devel-windows-x86_64, r-patched-linux-x86_64, r-release-linux-x86_64, r-release-macos-arm64, r-release-windows-x86_64