Last updated on 2024-05-08 04:49:07 CEST.
Flavor | Version | Tinstall | Tcheck | Ttotal | Status | Flags |
---|---|---|---|---|---|---|
r-devel-linux-x86_64-debian-clang | 1.0.42 | 6.12 | 59.36 | 65.48 | OK | |
r-devel-linux-x86_64-debian-gcc | 1.0.42 | 6.04 | 44.81 | 50.85 | OK | |
r-devel-linux-x86_64-fedora-clang | 1.0.42 | 90.85 | NOTE | |||
r-devel-linux-x86_64-fedora-gcc | 1.0.42 | 144.21 | OK | |||
r-devel-windows-x86_64 | 1.0.42 | 9.00 | 68.00 | 77.00 | NOTE | |
r-patched-linux-x86_64 | 1.0.42 | 6.96 | 55.29 | 62.25 | OK | |
r-release-linux-x86_64 | 1.0.42 | 6.59 | 56.17 | 62.76 | OK | |
r-release-macos-arm64 | 1.0.42 | 34.00 | NOTE | |||
r-release-macos-x86_64 | 1.0.42 | 66.00 | NOTE | |||
r-release-windows-x86_64 | 1.0.42 | 10.00 | 67.00 | 77.00 | NOTE | |
r-oldrel-macos-arm64 | 1.0.42 | 37.00 | NOTE | |||
r-oldrel-macos-x86_64 | 1.0.42 | 46.00 | NOTE | |||
r-oldrel-windows-x86_64 | 1.0.42 | 11.00 | 73.00 | 84.00 | NOTE |
Version: 1.0.42
Check: installed package size
Result: NOTE
installed size is 5.9Mb
sub-directories of 1Mb or more:
docs 1.0Mb
extdata 1.4Mb
htmlwidgets 1.5Mb
Flavors: r-devel-linux-x86_64-fedora-clang, r-devel-windows-x86_64, r-release-macos-arm64, r-release-macos-x86_64, r-release-windows-x86_64, r-oldrel-macos-arm64, r-oldrel-macos-x86_64, r-oldrel-windows-x86_64
Version: 1.0.42
Check: package dependencies
Result: NOTE
Package suggested but not available for checking: ‘BiocStyle’
Flavor: r-release-macos-x86_64