Last updated on 2024-05-08 04:49:08 CEST.
Flavor | Version | Tinstall | Tcheck | Ttotal | Status | Flags |
---|---|---|---|---|---|---|
r-devel-linux-x86_64-debian-clang | 0.1.2 | 37.27 | 48.68 | 85.95 | NOTE | |
r-devel-linux-x86_64-debian-gcc | 0.1.2 | 25.98 | 35.64 | 61.62 | NOTE | |
r-devel-linux-x86_64-fedora-clang | 0.1.2 | 123.92 | NOTE | |||
r-devel-linux-x86_64-fedora-gcc | 0.1.2 | 172.32 | NOTE | |||
r-devel-windows-x86_64 | 0.1.2 | 27.00 | 75.00 | 102.00 | NOTE | |
r-patched-linux-x86_64 | 0.1.2 | 32.04 | 45.97 | 78.01 | NOTE | |
r-release-linux-x86_64 | 0.1.2 | 35.78 | 44.43 | 80.21 | NOTE | |
r-release-macos-arm64 | 0.1.2 | 35.00 | NOTE | |||
r-release-windows-x86_64 | 0.1.2 | 28.00 | 75.00 | 103.00 | NOTE | |
r-oldrel-macos-arm64 | 0.1.2 | 39.00 | NOTE | |||
r-oldrel-macos-x86_64 | 0.1.2 | 62.00 | NOTE | |||
r-oldrel-windows-x86_64 | 0.1.2 | 29.00 | 82.00 | 111.00 | NOTE |
Version: 0.1.2
Check: C++ specification
Result: NOTE
Specified C++11: please drop specification unless essential
Flavors: r-devel-linux-x86_64-debian-clang, r-devel-linux-x86_64-debian-gcc, r-devel-linux-x86_64-fedora-clang, r-devel-linux-x86_64-fedora-gcc, r-devel-windows-x86_64, r-patched-linux-x86_64, r-release-linux-x86_64, r-release-macos-arm64, r-release-windows-x86_64, r-oldrel-macos-arm64, r-oldrel-macos-x86_64, r-oldrel-windows-x86_64