Last updated on 2024-05-08 04:49:08 CEST.
Flavor | Version | Tinstall | Tcheck | Ttotal | Status | Flags |
---|---|---|---|---|---|---|
r-devel-linux-x86_64-debian-clang | 2.8.2 | 15.20 | 125.02 | 140.22 | OK | |
r-devel-linux-x86_64-debian-gcc | 2.8.2 | 12.56 | 91.86 | 104.42 | OK | |
r-devel-linux-x86_64-fedora-clang | 2.8.2 | 172.61 | OK | |||
r-devel-linux-x86_64-fedora-gcc | 2.8.2 | 247.07 | OK | |||
r-devel-windows-x86_64 | 2.8.2 | 12.00 | 97.00 | 109.00 | OK | |
r-patched-linux-x86_64 | 2.8.2 | 15.60 | 118.61 | 134.21 | OK | |
r-release-linux-x86_64 | 2.8.2 | 13.78 | 117.59 | 131.37 | OK | |
r-release-macos-arm64 | 2.8.2 | 47.00 | OK | |||
r-release-macos-x86_64 | 2.8.2 | 141.00 | NOTE | |||
r-release-windows-x86_64 | 2.8.2 | 12.00 | 97.00 | 109.00 | OK | |
r-oldrel-macos-arm64 | 2.8.2 | 61.00 | OK | |||
r-oldrel-macos-x86_64 | 2.8.2 | 122.00 | OK | |||
r-oldrel-windows-x86_64 | 2.8.2 | 17.00 | 119.00 | 136.00 | OK |
Version: 2.8.2
Check: package dependencies
Result: NOTE
Package suggested but not available for checking: ‘distrMod’
Flavor: r-release-macos-x86_64