Last updated on 2024-05-08 04:49:09 CEST.
Flavor | Version | Tinstall | Tcheck | Ttotal | Status | Flags |
---|---|---|---|---|---|---|
r-devel-linux-x86_64-debian-clang | 1.10.1 | 17.07 | 347.32 | 364.39 | OK | |
r-devel-linux-x86_64-debian-gcc | 1.10.1 | 13.97 | 251.91 | 265.88 | OK | |
r-devel-linux-x86_64-fedora-clang | 1.10.1 | 425.86 | OK | |||
r-devel-linux-x86_64-fedora-gcc | 1.10.1 | 453.00 | OK | |||
r-devel-windows-x86_64 | 1.10.1 | 17.00 | 258.00 | 275.00 | OK | |
r-patched-linux-x86_64 | 1.10.1 | 18.64 | 327.75 | 346.39 | OK | |
r-release-linux-x86_64 | 1.10.1 | 18.67 | 323.80 | 342.47 | NOTE | |
r-release-macos-arm64 | 1.10.1 | 145.00 | OK | |||
r-release-macos-x86_64 | 1.10.1 | 379.00 | OK | |||
r-release-windows-x86_64 | 1.10.1 | 18.00 | 256.00 | 274.00 | OK | |
r-oldrel-macos-arm64 | 1.10.1 | 129.00 | OK | |||
r-oldrel-macos-x86_64 | 1.10.1 | 348.00 | OK | |||
r-oldrel-windows-x86_64 | 1.10.1 | 22.00 | 319.00 | 341.00 | OK |
Version: 1.10.1
Check: package dependencies
Result: NOTE
Package which this enhances but not available for checking: ‘rstanarm’
Flavor: r-release-linux-x86_64