Last updated on 2024-05-08 04:49:10 CEST.
Flavor | Version | Tinstall | Tcheck | Ttotal | Status | Flags |
---|---|---|---|---|---|---|
r-devel-linux-x86_64-debian-clang | 1.0.1 | 9.81 | 91.58 | 101.39 | OK | |
r-devel-linux-x86_64-debian-gcc | 1.0.1 | 6.81 | 66.45 | 73.26 | OK | |
r-devel-linux-x86_64-fedora-clang | 1.0.1 | 127.73 | NOTE | |||
r-devel-linux-x86_64-fedora-gcc | 1.0.1 | 117.13 | NOTE | |||
r-devel-windows-x86_64 | 1.0.1 | 11.00 | 85.00 | 96.00 | OK | |
r-patched-linux-x86_64 | 1.0.1 | 7.77 | 84.47 | 92.24 | OK | |
r-release-linux-x86_64 | 1.0.1 | 7.15 | 86.71 | 93.86 | OK | |
r-release-macos-arm64 | 1.0.1 | 35.00 | OK | |||
r-release-macos-x86_64 | 1.0.1 | 76.00 | OK | |||
r-release-windows-x86_64 | 1.0.1 | 11.00 | 83.00 | 94.00 | OK | |
r-oldrel-macos-arm64 | 1.0.1 | 38.00 | OK | |||
r-oldrel-macos-x86_64 | 1.0.1 | 68.00 | OK | |||
r-oldrel-windows-x86_64 | 1.0.1 | 13.00 | 98.00 | 111.00 | OK |
Version: 1.0.1
Check: dependencies in R code
Result: NOTE
Namespace in Imports field not imported from: ‘ggpmisc’
All declared Imports should be used.
Flavors: r-devel-linux-x86_64-fedora-clang, r-devel-linux-x86_64-fedora-gcc