Last updated on 2024-05-08 04:49:11 CEST.
Flavor | Version | Tinstall | Tcheck | Ttotal | Status | Flags |
---|---|---|---|---|---|---|
r-devel-linux-x86_64-debian-clang | 1.1.2 | 3.13 | 32.90 | 36.03 | OK | |
r-devel-linux-x86_64-debian-gcc | 1.1.2 | 3.00 | 26.16 | 29.16 | OK | |
r-devel-linux-x86_64-fedora-clang | 1.1.2 | 49.81 | NOTE | |||
r-devel-linux-x86_64-fedora-gcc | 1.1.2 | 56.47 | NOTE | |||
r-devel-windows-x86_64 | 1.1.2 | 5.00 | 47.00 | 52.00 | OK | |
r-patched-linux-x86_64 | 1.1.2 | 3.05 | 32.66 | 35.71 | OK | |
r-release-linux-x86_64 | 1.1.2 | 3.11 | 31.54 | 34.65 | OK | |
r-release-macos-arm64 | 1.1.2 | 16.00 | OK | |||
r-release-windows-x86_64 | 1.1.2 | 5.00 | 46.00 | 51.00 | OK | |
r-oldrel-macos-arm64 | 1.1.2 | 20.00 | OK | |||
r-oldrel-macos-x86_64 | 1.1.2 | 26.00 | OK | |||
r-oldrel-windows-x86_64 | 1.1.2 | 5.00 | 49.00 | 54.00 | OK |
Version: 1.1.2
Check: dependencies in R code
Result: NOTE
Namespace in Imports field not imported from: ‘purrr’
All declared Imports should be used.
Flavors: r-devel-linux-x86_64-fedora-clang, r-devel-linux-x86_64-fedora-gcc