Last updated on 2024-05-08 04:49:12 CEST.
Flavor | Version | Tinstall | Tcheck | Ttotal | Status | Flags |
---|---|---|---|---|---|---|
r-devel-linux-x86_64-debian-clang | 0.1.0 | 4.84 | 54.52 | 59.36 | OK | |
r-devel-linux-x86_64-debian-gcc | 0.1.0 | 3.91 | 42.33 | 46.24 | OK | |
r-devel-linux-x86_64-fedora-clang | 0.1.0 | 80.41 | NOTE | |||
r-devel-linux-x86_64-fedora-gcc | 0.1.0 | 108.69 | NOTE | |||
r-devel-windows-x86_64 | 0.1.0 | 6.00 | 62.00 | 68.00 | OK | |
r-patched-linux-x86_64 | 0.1.0 | 4.57 | 52.00 | 56.57 | OK | |
r-release-linux-x86_64 | 0.1.0 | 3.93 | 52.01 | 55.94 | OK | |
r-release-macos-arm64 | 0.1.0 | 34.00 | OK | |||
r-release-windows-x86_64 | 0.1.0 | 5.00 | 62.00 | 67.00 | OK | |
r-oldrel-macos-arm64 | 0.1.0 | 39.00 | OK | |||
r-oldrel-macos-x86_64 | 0.1.0 | 81.00 | OK | |||
r-oldrel-windows-x86_64 | 0.1.0 | 7.00 | 67.00 | 74.00 | OK |
Version: 0.1.0
Check: data for non-ASCII characters
Result: NOTE
Note: found 19 marked UTF-8 strings
Flavors: r-devel-linux-x86_64-fedora-clang, r-devel-linux-x86_64-fedora-gcc