Last updated on 2024-05-08 04:49:14 CEST.
Flavor | Version | Tinstall | Tcheck | Ttotal | Status | Flags |
---|---|---|---|---|---|---|
r-devel-linux-x86_64-debian-clang | 1.0.3 | 297.86 | 145.07 | 442.93 | OK | |
r-devel-linux-x86_64-debian-gcc | 1.0.3 | 223.72 | 107.63 | 331.35 | OK | |
r-devel-linux-x86_64-fedora-clang | 1.0.3 | 630.99 | OK | |||
r-devel-linux-x86_64-fedora-gcc | 1.0.3 | 669.25 | OK | |||
r-devel-windows-x86_64 | 1.0.3 | 216.00 | 148.00 | 364.00 | OK | |
r-patched-linux-x86_64 | 1.0.3 | 200.54 | 136.92 | 337.46 | OK | |
r-release-linux-x86_64 | 1.0.3 | 206.17 | 133.43 | 339.60 | OK | |
r-release-macos-arm64 | 1.0.3 | 117.00 | NOTE | |||
r-release-macos-x86_64 | 1.0.3 | 187.00 | NOTE | |||
r-release-windows-x86_64 | 1.0.3 | 211.00 | 147.00 | 358.00 | OK | |
r-oldrel-macos-arm64 | 1.0.3 | 118.00 | NOTE | |||
r-oldrel-macos-x86_64 | 1.0.3 | 209.00 | NOTE | |||
r-oldrel-windows-x86_64 | 1.0.3 | 254.00 | 185.00 | 439.00 | OK |
Version: 1.0.3
Check: installed package size
Result: NOTE
installed size is 11.8Mb
sub-directories of 1Mb or more:
libs 10.6Mb
Flavors: r-release-macos-arm64, r-release-macos-x86_64, r-oldrel-macos-arm64, r-oldrel-macos-x86_64