Last updated on 2024-05-08 04:49:16 CEST.
Flavor | Version | Tinstall | Tcheck | Ttotal | Status | Flags |
---|---|---|---|---|---|---|
r-devel-linux-x86_64-debian-clang | 1.3.3 | 5.48 | 117.90 | 123.38 | NOTE | |
r-devel-linux-x86_64-debian-gcc | 1.3.3 | 4.98 | 83.98 | 88.96 | NOTE | |
r-devel-linux-x86_64-fedora-clang | 1.3.3 | 152.06 | NOTE | |||
r-devel-linux-x86_64-fedora-gcc | 1.3.3 | 208.08 | NOTE | |||
r-devel-windows-x86_64 | 1.3.3 | 7.00 | 107.00 | 114.00 | NOTE | |
r-patched-linux-x86_64 | 1.3.3 | 5.41 | 110.21 | 115.62 | NOTE | |
r-release-linux-x86_64 | 1.3.3 | 5.90 | 110.82 | 116.72 | NOTE | |
r-release-macos-arm64 | 1.3.3 | 42.00 | NOTE | |||
r-release-windows-x86_64 | 1.3.3 | 7.00 | 103.00 | 110.00 | NOTE | |
r-oldrel-macos-arm64 | 1.3.3 | 49.00 | NOTE | |||
r-oldrel-macos-x86_64 | 1.3.3 | 105.00 | NOTE | |||
r-oldrel-windows-x86_64 | 1.3.3 | 8.00 | 125.00 | 133.00 | NOTE |
Version: 1.3.3
Check: LazyData
Result: NOTE
'LazyData' is specified without a 'data' directory
Flavors: r-devel-linux-x86_64-debian-clang, r-devel-linux-x86_64-debian-gcc, r-devel-linux-x86_64-fedora-clang, r-devel-linux-x86_64-fedora-gcc, r-devel-windows-x86_64, r-patched-linux-x86_64, r-release-linux-x86_64, r-release-macos-arm64, r-release-windows-x86_64, r-oldrel-macos-arm64, r-oldrel-macos-x86_64, r-oldrel-windows-x86_64