Last updated on 2024-05-08 04:49:17 CEST.
Flavor | Version | Tinstall | Tcheck | Ttotal | Status | Flags |
---|---|---|---|---|---|---|
r-devel-linux-x86_64-debian-clang | 0.3.0 | 2.15 | 25.72 | 27.87 | OK | |
r-devel-linux-x86_64-debian-gcc | 0.3.0 | 1.92 | 19.66 | 21.58 | OK | |
r-devel-linux-x86_64-fedora-clang | 0.3.0 | 37.48 | NOTE | |||
r-devel-linux-x86_64-fedora-gcc | 0.3.0 | 41.95 | NOTE | |||
r-devel-windows-x86_64 | 0.3.0 | 4.00 | 48.00 | 52.00 | OK | |
r-patched-linux-x86_64 | 0.3.0 | 2.57 | 23.89 | 26.46 | OK | |
r-release-linux-x86_64 | 0.3.0 | 1.52 | 24.59 | 26.11 | OK | |
r-release-macos-arm64 | 0.3.0 | 20.00 | OK | |||
r-release-windows-x86_64 | 0.3.0 | 5.00 | 49.00 | 54.00 | OK | |
r-oldrel-macos-arm64 | 0.3.0 | 19.00 | OK | |||
r-oldrel-macos-x86_64 | 0.3.0 | 27.00 | OK | |||
r-oldrel-windows-x86_64 | 0.3.0 | 6.00 | 45.00 | 51.00 | OK |
Version: 0.3.0
Check: dependencies in R code
Result: NOTE
Namespaces in Imports field not imported from:
‘DT’ ‘Metrics’ ‘data.table’ ‘dplyr’ ‘mlr3’ ‘mlr3learners’
‘mlr3measures’ ‘mlr3pipelines’ ‘patchwork’ ‘plyr’ ‘purrr’
‘shinyWidgets’ ‘shinyalert’ ‘shinydashboard’ ‘shinyjs’ ‘stats’
‘stringr’
All declared Imports should be used.
Flavors: r-devel-linux-x86_64-fedora-clang, r-devel-linux-x86_64-fedora-gcc