Last updated on 2024-05-08 04:49:18 CEST.
Flavor | Version | Tinstall | Tcheck | Ttotal | Status | Flags |
---|---|---|---|---|---|---|
r-devel-linux-x86_64-debian-clang | 1.0.0 | 35.88 | 335.19 | 371.07 | NOTE | |
r-devel-linux-x86_64-debian-gcc | 1.0.0 | 32.61 | 271.24 | 303.85 | NOTE | |
r-devel-linux-x86_64-fedora-clang | 1.0.0 | 513.52 | NOTE | |||
r-devel-linux-x86_64-fedora-gcc | 1.0.0 | 585.55 | NOTE | |||
r-devel-windows-x86_64 | 1.0.0 | 35.00 | 436.00 | 471.00 | NOTE | |
r-patched-linux-x86_64 | 1.0.0 | 46.51 | 349.89 | 396.40 | NOTE | |
r-release-linux-x86_64 | 1.0.0 | 43.22 | 356.92 | 400.14 | NOTE | |
r-release-macos-arm64 | 1.0.0 | 130.00 | NOTE | |||
r-release-windows-x86_64 | 1.0.0 | 35.00 | 349.00 | 384.00 | NOTE | |
r-oldrel-macos-arm64 | 1.0.0 | 175.00 | OK | |||
r-oldrel-macos-x86_64 | 1.0.0 | 292.00 | OK | |||
r-oldrel-windows-x86_64 | 1.0.0 | 41.00 | 556.00 | 597.00 | OK |
Version: 1.0.0
Check: Rd files
Result: NOTE
checkRd: (-1) spec_clust.Rd:33: Lost braces; missing escapes or markup?
33 | A label vector of size n x 1 with elements in {1,2,...,K}
| ^
Flavors: r-devel-linux-x86_64-debian-clang, r-devel-linux-x86_64-debian-gcc, r-devel-linux-x86_64-fedora-clang, r-devel-linux-x86_64-fedora-gcc, r-devel-windows-x86_64, r-patched-linux-x86_64, r-release-linux-x86_64, r-release-macos-arm64, r-release-windows-x86_64