Last updated on 2024-05-08 04:49:18 CEST.
Flavor | Version | Tinstall | Tcheck | Ttotal | Status | Flags |
---|---|---|---|---|---|---|
r-devel-linux-x86_64-debian-clang | 1.0.0 | 11.21 | 105.72 | 116.93 | NOTE | |
r-devel-linux-x86_64-debian-gcc | 1.0.0 | 10.31 | 77.90 | 88.21 | NOTE | |
r-devel-linux-x86_64-fedora-clang | 1.0.0 | 141.27 | NOTE | |||
r-devel-linux-x86_64-fedora-gcc | 1.0.0 | 192.28 | NOTE | |||
r-devel-windows-x86_64 | 1.0.0 | 12.00 | 89.00 | 101.00 | NOTE | |
r-patched-linux-x86_64 | 1.0.0 | 7.72 | 95.84 | 103.56 | NOTE | |
r-release-linux-x86_64 | 1.0.0 | 0.25 | 2.02 | 2.27 | ERROR | |
r-release-macos-arm64 | 1.0.0 | 48.00 | NOTE | |||
r-release-windows-x86_64 | 1.0.0 | 11.00 | 89.00 | 100.00 | NOTE | |
r-oldrel-macos-arm64 | 1.0.0 | 49.00 | NOTE | |||
r-oldrel-macos-x86_64 | 1.0.0 | 75.00 | NOTE | |||
r-oldrel-windows-x86_64 | 1.0.0 | 15.00 | 109.00 | 124.00 | NOTE |
Version: 1.0.0
Check: LazyData
Result: NOTE
'LazyData' is specified without a 'data' directory
Flavors: r-devel-linux-x86_64-debian-clang, r-devel-linux-x86_64-debian-gcc, r-devel-linux-x86_64-fedora-clang, r-devel-linux-x86_64-fedora-gcc, r-devel-windows-x86_64, r-patched-linux-x86_64, r-release-macos-arm64, r-release-windows-x86_64, r-oldrel-macos-arm64, r-oldrel-macos-x86_64, r-oldrel-windows-x86_64
Version: 1.0.0
Check: package dependencies
Result: ERROR
Package required but not available: ‘SAMtool’
See section ‘The DESCRIPTION file’ in the ‘Writing R Extensions’
manual.
Flavor: r-release-linux-x86_64