Last updated on 2024-05-08 04:49:19 CEST.
Flavor | Version | Tinstall | Tcheck | Ttotal | Status | Flags |
---|---|---|---|---|---|---|
r-devel-linux-x86_64-debian-clang | 1.5 | 3.25 | 32.39 | 35.64 | NOTE | |
r-devel-linux-x86_64-debian-gcc | 1.5 | 2.75 | 24.09 | 26.84 | NOTE | |
r-devel-linux-x86_64-fedora-clang | 1.5 | 44.31 | NOTE | |||
r-devel-linux-x86_64-fedora-gcc | 1.5 | 47.34 | NOTE | |||
r-devel-windows-x86_64 | 1.5 | 4.00 | 48.00 | 52.00 | NOTE | |
r-patched-linux-x86_64 | 1.5 | 3.62 | 30.97 | 34.59 | NOTE | |
r-release-linux-x86_64 | 1.5 | 3.67 | 30.01 | 33.68 | NOTE | |
r-release-macos-arm64 | 1.5 | 17.00 | NOTE | |||
r-release-windows-x86_64 | 1.5 | 4.00 | 48.00 | 52.00 | NOTE | |
r-oldrel-macos-arm64 | 1.5 | 19.00 | NOTE | |||
r-oldrel-macos-x86_64 | 1.5 | 26.00 | NOTE | |||
r-oldrel-windows-x86_64 | 1.5 | 5.00 | 49.00 | 54.00 | NOTE |
Version: 1.5
Check: LazyData
Result: NOTE
'LazyData' is specified without a 'data' directory
Flavors: r-devel-linux-x86_64-debian-clang, r-devel-linux-x86_64-debian-gcc, r-devel-linux-x86_64-fedora-clang, r-devel-linux-x86_64-fedora-gcc, r-devel-windows-x86_64, r-patched-linux-x86_64, r-release-linux-x86_64, r-release-macos-arm64, r-release-windows-x86_64, r-oldrel-macos-arm64, r-oldrel-macos-x86_64, r-oldrel-windows-x86_64