Last updated on 2024-05-08 04:49:20 CEST.
Flavor | Version | Tinstall | Tcheck | Ttotal | Status | Flags |
---|---|---|---|---|---|---|
r-devel-linux-x86_64-debian-clang | 1.0.1 | 4.57 | 62.62 | 67.19 | NOTE | |
r-devel-linux-x86_64-debian-gcc | 1.0.1 | 3.02 | 44.16 | 47.18 | NOTE | |
r-devel-linux-x86_64-fedora-clang | 1.0.1 | 81.76 | NOTE | |||
r-devel-linux-x86_64-fedora-gcc | 1.0.1 | 102.64 | NOTE | |||
r-devel-windows-x86_64 | 1.0.1 | 5.00 | 71.00 | 76.00 | NOTE | |
r-patched-linux-x86_64 | 1.0.1 | 3.55 | 56.90 | 60.45 | NOTE | |
r-release-linux-x86_64 | 1.0.1 | 3.07 | 58.25 | 61.32 | NOTE | |
r-release-macos-arm64 | 1.0.1 | 40.00 | NOTE | |||
r-release-windows-x86_64 | 1.0.1 | 6.00 | 73.00 | 79.00 | NOTE | |
r-oldrel-macos-arm64 | 1.0.1 | 35.00 | NOTE | |||
r-oldrel-macos-x86_64 | 1.0.1 | 50.00 | NOTE | |||
r-oldrel-windows-x86_64 | 1.0.1 | 6.00 | 72.00 | 78.00 | NOTE |
Version: 1.0.1
Check: package dependencies
Result: NOTE
Package suggested but not available for checking: ‘rdt’
Flavors: r-devel-linux-x86_64-debian-clang, r-devel-linux-x86_64-debian-gcc, r-devel-linux-x86_64-fedora-clang, r-devel-linux-x86_64-fedora-gcc, r-devel-windows-x86_64, r-patched-linux-x86_64, r-release-linux-x86_64, r-release-macos-arm64, r-release-windows-x86_64, r-oldrel-macos-arm64, r-oldrel-macos-x86_64, r-oldrel-windows-x86_64