Last updated on 2024-05-08 04:49:20 CEST.
Flavor | Version | Tinstall | Tcheck | Ttotal | Status | Flags |
---|---|---|---|---|---|---|
r-devel-linux-x86_64-debian-clang | 0.1.1 | 6.36 | 59.89 | 66.25 | OK | |
r-devel-linux-x86_64-debian-gcc | 0.1.1 | 4.85 | 43.44 | 48.29 | OK | |
r-devel-linux-x86_64-fedora-clang | 0.1.1 | 82.45 | NOTE | |||
r-devel-linux-x86_64-fedora-gcc | 0.1.1 | 103.86 | NOTE | |||
r-devel-windows-x86_64 | 0.1.1 | 7.00 | 64.00 | 71.00 | OK | |
r-patched-linux-x86_64 | 0.1.1 | 6.33 | 55.68 | 62.01 | OK | |
r-release-linux-x86_64 | 0.1.1 | 5.84 | 55.63 | 61.47 | OK | |
r-release-macos-arm64 | 0.1.1 | 36.00 | OK | |||
r-release-windows-x86_64 | 0.1.1 | 6.00 | 64.00 | 70.00 | OK | |
r-oldrel-macos-arm64 | 0.1.1 | 35.00 | OK | |||
r-oldrel-macos-x86_64 | 0.1.1 | 51.00 | OK | |||
r-oldrel-windows-x86_64 | 0.1.1 | 8.00 | 70.00 | 78.00 | OK |
Version: 0.1.1
Check: data for non-ASCII characters
Result: NOTE
Note: found 596 marked UTF-8 strings
Flavors: r-devel-linux-x86_64-fedora-clang, r-devel-linux-x86_64-fedora-gcc