Last updated on 2024-05-08 04:49:20 CEST.
Flavor | Version | Tinstall | Tcheck | Ttotal | Status | Flags |
---|---|---|---|---|---|---|
r-devel-linux-x86_64-debian-clang | 0.11.6 | 1024.96 | 228.67 | 1253.63 | OK | |
r-devel-linux-x86_64-debian-gcc | 0.11.6 | 806.76 | 160.89 | 967.65 | OK | |
r-devel-linux-x86_64-fedora-clang | 0.11.6 | 1852.28 | OK | |||
r-devel-linux-x86_64-fedora-gcc | 0.11.6 | 2033.24 | OK | |||
r-devel-windows-x86_64 | 0.11.6 | 776.00 | 202.00 | 978.00 | OK | |
r-patched-linux-x86_64 | 0.11.6 | 906.44 | 212.55 | 1118.99 | OK | |
r-release-linux-x86_64 | 0.11.6 | 871.63 | 213.95 | 1085.58 | OK | |
r-release-macos-arm64 | 0.11.6 | 294.00 | NOTE | |||
r-release-macos-x86_64 | 0.11.6 | 367.00 | NOTE | |||
r-release-windows-x86_64 | 0.11.6 | 785.00 | 196.00 | 981.00 | OK | |
r-oldrel-macos-arm64 | 0.11.6 | 286.00 | NOTE | |||
r-oldrel-macos-x86_64 | 0.11.6 | 371.00 | NOTE | |||
r-oldrel-windows-x86_64 | 0.11.6 | 953.00 | 252.00 | 1205.00 | OK |
Version: 0.11.6
Check: installed package size
Result: NOTE
installed size is 28.2Mb
sub-directories of 1Mb or more:
libs 27.1Mb
Flavors: r-release-macos-arm64, r-release-macos-x86_64, r-oldrel-macos-arm64, r-oldrel-macos-x86_64