Last updated on 2024-05-08 04:49:21 CEST.
Flavor | Version | Tinstall | Tcheck | Ttotal | Status | Flags |
---|---|---|---|---|---|---|
r-devel-linux-x86_64-debian-clang | 2.0.2.3.1 | 3.82 | 30.44 | 34.26 | OK | |
r-devel-linux-x86_64-debian-gcc | 2.0.2.3.1 | 4.12 | 23.81 | 27.93 | OK | |
r-devel-linux-x86_64-fedora-clang | 2.0.2.3.1 | 47.65 | NOTE | |||
r-devel-linux-x86_64-fedora-gcc | 2.0.2.3.1 | 65.45 | NOTE | |||
r-devel-windows-x86_64 | 2.0.2.3.1 | 6.00 | 50.00 | 56.00 | OK | |
r-patched-linux-x86_64 | 2.0.2.3.1 | 5.34 | 29.29 | 34.63 | OK | |
r-release-linux-x86_64 | 2.0.2.3.1 | 6.16 | 29.82 | 35.98 | OK | |
r-release-macos-arm64 | 2.0.2.3.1 | 26.00 | OK | |||
r-release-windows-x86_64 | 2.0.2.3.1 | 6.00 | 51.00 | 57.00 | OK | |
r-oldrel-macos-arm64 | 2.0.2.3.1 | 25.00 | OK | |||
r-oldrel-macos-x86_64 | 2.0.2.3.1 | 55.00 | OK | |||
r-oldrel-windows-x86_64 | 2.0.2.3.1 | 8.00 | 50.00 | 58.00 | OK |
Version: 2.0.2.3.1
Check: dependencies in R code
Result: NOTE
Namespaces in Imports field not imported from:
‘quickcode’ ‘stats’ ‘utils’
All declared Imports should be used.
Flavors: r-devel-linux-x86_64-fedora-clang, r-devel-linux-x86_64-fedora-gcc
Version: 2.0.2.3.1
Check: data for non-ASCII characters
Result: NOTE
Note: found 6 marked Latin-1 strings
Note: found 347 marked UTF-8 strings
Flavors: r-devel-linux-x86_64-fedora-clang, r-devel-linux-x86_64-fedora-gcc