Last updated on 2024-05-08 04:49:23 CEST.
Flavor | Version | Tinstall | Tcheck | Ttotal | Status | Flags |
---|---|---|---|---|---|---|
r-devel-linux-x86_64-debian-clang | 1.6.10 | 32.69 | 75.11 | 107.80 | OK | |
r-devel-linux-x86_64-debian-gcc | 1.6.10 | 28.30 | 59.76 | 88.06 | OK | |
r-devel-linux-x86_64-fedora-clang | 1.6.10 | 145.27 | OK | |||
r-devel-linux-x86_64-fedora-gcc | 1.6.10 | 222.12 | OK | |||
r-devel-windows-x86_64 | 1.6.10 | 31.00 | 173.00 | 204.00 | OK | |
r-patched-linux-x86_64 | 1.6.10 | 33.50 | 73.78 | 107.28 | OK | |
r-release-linux-x86_64 | 1.6.10 | 36.34 | 73.22 | 109.56 | OK | |
r-release-macos-arm64 | 1.6.10 | 56.00 | NOTE | |||
r-release-windows-x86_64 | 1.6.10 | 32.00 | 172.00 | 204.00 | OK | |
r-oldrel-macos-arm64 | 1.6.10 | 93.00 | NOTE | |||
r-oldrel-macos-x86_64 | 1.6.10 | 186.00 | NOTE | |||
r-oldrel-windows-x86_64 | 1.6.10 | 33.00 | 168.00 | 201.00 | OK |
Version: 1.6.10
Check: installed package size
Result: NOTE
installed size is 6.0Mb
sub-directories of 1Mb or more:
libs 2.3Mb
projects 2.9Mb
Flavors: r-release-macos-arm64, r-oldrel-macos-arm64, r-oldrel-macos-x86_64