Last updated on 2024-05-08 04:49:24 CEST.
Flavor | Version | Tinstall | Tcheck | Ttotal | Status | Flags |
---|---|---|---|---|---|---|
r-devel-linux-x86_64-debian-clang | 0.9.1 | 7.85 | 75.46 | 83.31 | OK | |
r-devel-linux-x86_64-debian-gcc | 0.9.1 | 6.61 | 54.12 | 60.73 | OK | |
r-devel-linux-x86_64-fedora-clang | 0.9.1 | 108.69 | NOTE | |||
r-devel-linux-x86_64-fedora-gcc | 0.9.1 | 145.98 | OK | |||
r-devel-windows-x86_64 | 0.9.1 | 8.00 | 75.00 | 83.00 | OK | |
r-patched-linux-x86_64 | 0.9.1 | 10.64 | 70.74 | 81.38 | OK | |
r-release-linux-x86_64 | 0.9.1 | 5.35 | 70.59 | 75.94 | OK | |
r-release-macos-arm64 | 0.9.1 | 39.00 | NOTE | |||
r-release-windows-x86_64 | 0.9.1 | 8.00 | 74.00 | 82.00 | OK | |
r-oldrel-macos-arm64 | 0.9.1 | 39.00 | NOTE | |||
r-oldrel-macos-x86_64 | 0.9.1 | 57.00 | NOTE | |||
r-oldrel-windows-x86_64 | 0.9.1 | 10.00 | 86.00 | 96.00 | OK |
Version: 0.9.1
Check: package dependencies
Result: NOTE
Package suggested but not available for checking: ‘rsbml’
Flavors: r-devel-linux-x86_64-fedora-clang, r-release-macos-arm64, r-oldrel-macos-arm64, r-oldrel-macos-x86_64