Last updated on 2024-05-08 04:49:25 CEST.
Flavor | Version | Tinstall | Tcheck | Ttotal | Status | Flags |
---|---|---|---|---|---|---|
r-devel-linux-x86_64-debian-clang | 0.1.2 | 9.78 | 69.70 | 79.48 | NOTE | |
r-devel-linux-x86_64-debian-gcc | 0.1.2 | 7.09 | 51.48 | 58.57 | NOTE | |
r-devel-linux-x86_64-fedora-clang | 0.1.2 | 100.42 | NOTE | |||
r-devel-linux-x86_64-fedora-gcc | 0.1.2 | 156.23 | NOTE | |||
r-devel-windows-x86_64 | 0.1.2 | 11.00 | 72.00 | 83.00 | NOTE | |
r-patched-linux-x86_64 | 0.1.2 | 9.14 | 66.00 | 75.14 | NOTE | |
r-release-linux-x86_64 | 0.1.2 | 5.27 | 65.72 | 70.99 | NOTE | |
r-release-macos-arm64 | 0.1.2 | 37.00 | NOTE | |||
r-release-windows-x86_64 | 0.1.2 | 9.00 | 72.00 | 81.00 | NOTE | |
r-oldrel-macos-arm64 | 0.1.2 | 49.00 | NOTE | |||
r-oldrel-macos-x86_64 | 0.1.2 | 54.00 | NOTE | |||
r-oldrel-windows-x86_64 | 0.1.2 | 11.00 | 78.00 | 89.00 | NOTE |
Version: 0.1.2
Check: LazyData
Result: NOTE
'LazyData' is specified without a 'data' directory
Flavors: r-devel-linux-x86_64-debian-clang, r-devel-linux-x86_64-debian-gcc, r-devel-linux-x86_64-fedora-clang, r-devel-linux-x86_64-fedora-gcc, r-devel-windows-x86_64, r-patched-linux-x86_64, r-release-linux-x86_64, r-release-macos-arm64, r-release-windows-x86_64, r-oldrel-macos-arm64, r-oldrel-macos-x86_64, r-oldrel-windows-x86_64