Last updated on 2024-05-08 04:49:26 CEST.
Flavor | Version | Tinstall | Tcheck | Ttotal | Status | Flags |
---|---|---|---|---|---|---|
r-devel-linux-x86_64-debian-clang | 0.2.0.1 | 76.79 | 51.28 | 128.07 | OK | |
r-devel-linux-x86_64-debian-gcc | 0.2.0.1 | 65.33 | 41.15 | 106.48 | OK | |
r-devel-linux-x86_64-fedora-clang | 0.2.0.1 | 187.19 | NOTE | |||
r-devel-linux-x86_64-fedora-gcc | 0.2.0.1 | 256.46 | NOTE | |||
r-devel-windows-x86_64 | 0.2.0.1 | 64.00 | 86.00 | 150.00 | OK | |
r-patched-linux-x86_64 | 0.2.0.1 | 83.33 | 50.80 | 134.13 | OK | |
r-release-linux-x86_64 | 0.2.0.1 | 58.60 | 52.50 | 111.10 | OK | |
r-release-macos-arm64 | 0.2.0.1 | 46.00 | NOTE | |||
r-release-windows-x86_64 | 0.2.0.1 | 61.00 | 87.00 | 148.00 | OK | |
r-oldrel-macos-arm64 | 0.2.0.1 | 68.00 | NOTE | |||
r-oldrel-macos-x86_64 | 0.2.0.1 | 110.00 | NOTE | |||
r-oldrel-windows-x86_64 | 0.2.0.1 | 79.00 | 97.00 | 176.00 | OK |
Version: 0.2.0.1
Check: compiled code
Result: NOTE
File ‘sparseLTSEigen/libs/sparseLTSEigen.so’:
Found no calls to: ‘R_registerRoutines’, ‘R_useDynamicSymbols’
It is good practice to register native routines and to disable symbol
search.
See ‘Writing portable packages’ in the ‘Writing R Extensions’ manual.
Flavors: r-devel-linux-x86_64-fedora-clang, r-devel-linux-x86_64-fedora-gcc
Version: 0.2.0.1
Check: installed package size
Result: NOTE
installed size is 13.7Mb
sub-directories of 1Mb or more:
libs 13.6Mb
Flavors: r-release-macos-arm64, r-oldrel-macos-arm64, r-oldrel-macos-x86_64