Last updated on 2024-05-08 04:49:27 CEST.
Flavor | Version | Tinstall | Tcheck | Ttotal | Status | Flags |
---|---|---|---|---|---|---|
r-devel-linux-x86_64-debian-clang | 3.6-4 | 79.62 | 686.71 | 766.33 | OK | |
r-devel-linux-x86_64-debian-gcc | 3.6-4 | 59.78 | 519.02 | 578.80 | OK | |
r-devel-linux-x86_64-fedora-clang | 3.6-4 | 955.39 | NOTE | |||
r-devel-linux-x86_64-fedora-gcc | 3.6-4 | 1220.77 | OK | |||
r-devel-windows-x86_64 | 3.6-4 | 81.00 | 734.00 | 815.00 | NOTE | |
r-patched-linux-x86_64 | 3.6-4 | 83.87 | 651.52 | 735.39 | OK | |
r-release-linux-x86_64 | 3.6-4 | 80.63 | 657.52 | 738.15 | OK | |
r-release-macos-arm64 | 3.6-4 | 314.00 | NOTE | |||
r-release-macos-x86_64 | 3.6-4 | 858.00 | NOTE | |||
r-release-windows-x86_64 | 3.6-4 | 80.00 | 711.00 | 791.00 | NOTE | |
r-oldrel-macos-arm64 | 3.6-4 | 352.00 | NOTE | |||
r-oldrel-macos-x86_64 | 3.6-4 | 777.00 | NOTE | |||
r-oldrel-windows-x86_64 | 3.6-4 | 102.00 | 755.00 | 857.00 | NOTE |
Version: 3.6-4
Check: installed package size
Result: NOTE
installed size is 8.3Mb
sub-directories of 1Mb or more:
R 1.2Mb
data 1.9Mb
doc 4.1Mb
Flavors: r-devel-linux-x86_64-fedora-clang, r-devel-windows-x86_64, r-release-macos-arm64, r-release-macos-x86_64, r-release-windows-x86_64, r-oldrel-macos-arm64, r-oldrel-macos-x86_64, r-oldrel-windows-x86_64