Last updated on 2024-05-08 04:49:27 CEST.
Flavor | Version | Tinstall | Tcheck | Ttotal | Status | Flags |
---|---|---|---|---|---|---|
r-devel-linux-x86_64-debian-clang | 1.0.3 | 289.80 | 405.91 | 695.71 | NOTE | |
r-devel-linux-x86_64-debian-gcc | 1.0.3 | 229.84 | 282.30 | 512.14 | NOTE | |
r-devel-linux-x86_64-fedora-clang | 1.0.3 | 922.02 | NOTE | |||
r-devel-linux-x86_64-fedora-gcc | 1.0.3 | 1085.10 | NOTE | |||
r-devel-windows-x86_64 | 1.0.3 | 222.00 | 273.00 | 495.00 | NOTE | |
r-patched-linux-x86_64 | 1.0.3 | 290.91 | 386.20 | 677.11 | NOTE | |
r-release-linux-x86_64 | 1.0.3 | 206.19 | 381.80 | 587.99 | NOTE | |
r-release-macos-arm64 | 1.0.3 | 175.00 | NOTE | |||
r-release-windows-x86_64 | 1.0.3 | 223.00 | 274.00 | 497.00 | NOTE | |
r-oldrel-macos-arm64 | 1.0.3 | 203.00 | NOTE | |||
r-oldrel-macos-x86_64 | 1.0.3 | 354.00 | NOTE | |||
r-oldrel-windows-x86_64 | 1.0.3 | 274.00 | 374.00 | 648.00 | NOTE |
Version: 1.0.3
Check: C++ specification
Result: NOTE
Specified C++11: please drop specification unless essential
Flavors: r-devel-linux-x86_64-debian-clang, r-devel-linux-x86_64-debian-gcc, r-devel-linux-x86_64-fedora-clang, r-devel-linux-x86_64-fedora-gcc, r-devel-windows-x86_64, r-patched-linux-x86_64, r-release-linux-x86_64, r-release-macos-arm64, r-release-windows-x86_64, r-oldrel-macos-arm64, r-oldrel-macos-x86_64, r-oldrel-windows-x86_64
Version: 1.0.3
Check: installed package size
Result: NOTE
installed size is 19.2Mb
sub-directories of 1Mb or more:
data 2.4Mb
libs 16.5Mb
Flavors: r-release-macos-arm64, r-oldrel-macos-arm64, r-oldrel-macos-x86_64