Last updated on 2024-05-08 04:49:28 CEST.
Flavor | Version | Tinstall | Tcheck | Ttotal | Status | Flags |
---|---|---|---|---|---|---|
r-devel-linux-x86_64-debian-clang | 0.0.3 | 191.22 | 959.83 | 1151.05 | NOTE | |
r-devel-linux-x86_64-debian-gcc | 0.0.3 | 151.00 | 380.58 | 531.58 | NOTE | |
r-devel-linux-x86_64-fedora-clang | 0.0.3 | 1486.28 | NOTE | |||
r-devel-linux-x86_64-fedora-gcc | 0.0.3 | 1051.73 | NOTE | |||
r-devel-windows-x86_64 | 0.0.3 | 139.00 | 468.00 | 607.00 | NOTE | |
r-patched-linux-x86_64 | 0.0.3 | 139.26 | 511.11 | 650.37 | NOTE | |
r-release-linux-x86_64 | 0.0.3 | 143.81 | 525.49 | 669.30 | NOTE | |
r-release-macos-arm64 | 0.0.3 | 203.00 | NOTE | |||
r-release-windows-x86_64 | 0.0.3 | 137.00 | 461.00 | 598.00 | NOTE | |
r-oldrel-macos-arm64 | 0.0.3 | 205.00 | NOTE | |||
r-oldrel-macos-x86_64 | 0.0.3 | 465.00 | NOTE | |||
r-oldrel-windows-x86_64 | 0.0.3 | 175.00 | 521.00 | 696.00 | NOTE |
Version: 0.0.3
Check: for GNU extensions in Makefiles
Result: NOTE
GNU make is a SystemRequirements.
Flavors: r-devel-linux-x86_64-debian-clang, r-devel-linux-x86_64-debian-gcc, r-devel-linux-x86_64-fedora-clang, r-devel-linux-x86_64-fedora-gcc, r-devel-windows-x86_64, r-patched-linux-x86_64, r-release-linux-x86_64, r-release-macos-arm64, r-release-windows-x86_64, r-oldrel-macos-arm64, r-oldrel-macos-x86_64, r-oldrel-windows-x86_64
Version: 0.0.3
Check: installed package size
Result: NOTE
installed size is 40.7Mb
sub-directories of 1Mb or more:
libs 40.5Mb
Flavors: r-release-macos-arm64, r-oldrel-macos-arm64, r-oldrel-macos-x86_64