Last updated on 2024-05-08 04:49:28 CEST.
Flavor | Version | Tinstall | Tcheck | Ttotal | Status | Flags |
---|---|---|---|---|---|---|
r-devel-linux-x86_64-debian-clang | 0.3.2 | 75.16 | 87.87 | 163.03 | NOTE | |
r-devel-linux-x86_64-debian-gcc | 0.3.2 | 50.44 | 66.86 | 117.30 | NOTE | |
r-devel-linux-x86_64-fedora-clang | 0.3.2 | 217.04 | NOTE | |||
r-devel-linux-x86_64-fedora-gcc | 0.3.2 | 286.39 | NOTE | |||
r-devel-windows-x86_64 | 0.3.2 | 54.00 | 118.00 | 172.00 | NOTE | |
r-patched-linux-x86_64 | 0.3.2 | 70.52 | 87.06 | 157.58 | NOTE | |
r-release-linux-x86_64 | 0.3.2 | 59.09 | 84.07 | 143.16 | NOTE | |
r-release-macos-arm64 | 0.3.2 | 55.00 | NOTE | |||
r-release-windows-x86_64 | 0.3.2 | 52.00 | 117.00 | 169.00 | NOTE | |
r-oldrel-macos-arm64 | 0.3.2 | 62.00 | NOTE | |||
r-oldrel-macos-x86_64 | 0.3.2 | 102.00 | NOTE | |||
r-oldrel-windows-x86_64 | 0.3.2 | 65.00 | 136.00 | 201.00 | NOTE |
Version: 0.3.2
Check: C++ specification
Result: NOTE
Specified C++11: please drop specification unless essential
Flavors: r-devel-linux-x86_64-debian-clang, r-devel-linux-x86_64-debian-gcc, r-devel-linux-x86_64-fedora-clang, r-devel-linux-x86_64-fedora-gcc, r-devel-windows-x86_64, r-patched-linux-x86_64, r-release-linux-x86_64, r-release-macos-arm64, r-release-windows-x86_64, r-oldrel-macos-arm64, r-oldrel-macos-x86_64, r-oldrel-windows-x86_64