Last updated on 2024-05-08 04:49:29 CEST.
Flavor | Version | Tinstall | Tcheck | Ttotal | Status | Flags |
---|---|---|---|---|---|---|
r-devel-linux-x86_64-debian-clang | 1.0.0 | 36.41 | 44.50 | 80.91 | NOTE | |
r-devel-linux-x86_64-debian-gcc | 1.0.0 | 28.35 | 34.51 | 62.86 | NOTE | |
r-devel-linux-x86_64-fedora-clang | 1.0.0 | 107.00 | NOTE | |||
r-devel-linux-x86_64-fedora-gcc | 1.0.0 | 155.63 | NOTE | |||
r-devel-windows-x86_64 | 1.0.0 | 26.00 | 74.00 | 100.00 | NOTE | |
r-patched-linux-x86_64 | 1.0.0 | 29.46 | 43.22 | 72.68 | NOTE | |
r-release-linux-x86_64 | 1.0.0 | 31.09 | 42.53 | 73.62 | NOTE | |
r-release-macos-arm64 | 1.0.0 | 30.00 | NOTE | |||
r-release-windows-x86_64 | 1.0.0 | 27.00 | 77.00 | 104.00 | NOTE | |
r-oldrel-macos-arm64 | 1.0.0 | 34.00 | NOTE | |||
r-oldrel-macos-x86_64 | 1.0.0 | 52.00 | NOTE | |||
r-oldrel-windows-x86_64 | 1.0.0 | 30.00 | 84.00 | 114.00 | NOTE |
Version: 1.0.0
Check: LazyData
Result: NOTE
'LazyData' is specified without a 'data' directory
Flavors: r-devel-linux-x86_64-debian-clang, r-devel-linux-x86_64-debian-gcc, r-devel-linux-x86_64-fedora-clang, r-devel-linux-x86_64-fedora-gcc, r-devel-windows-x86_64, r-patched-linux-x86_64, r-release-linux-x86_64, r-release-macos-arm64, r-release-windows-x86_64, r-oldrel-macos-arm64, r-oldrel-macos-x86_64, r-oldrel-windows-x86_64
Version: 1.0.0
Check: compiled code
Result: NOTE
File ‘vita/libs/vita.so’:
Found no calls to: ‘R_registerRoutines’, ‘R_useDynamicSymbols’
It is good practice to register native routines and to disable symbol
search.
See ‘Writing portable packages’ in the ‘Writing R Extensions’ manual.
Flavors: r-devel-linux-x86_64-fedora-clang, r-devel-linux-x86_64-fedora-gcc