Last updated on 2024-07-18 04:50:09 CEST.
Flavor | Version | Tinstall | Tcheck | Ttotal | Status | Flags |
---|---|---|---|---|---|---|
r-devel-linux-x86_64-debian-clang | 0.3-1 | 8.97 | 74.62 | 83.59 | NOTE | |
r-devel-linux-x86_64-debian-gcc | 0.3-1 | 6.86 | 54.36 | 61.22 | NOTE | |
r-devel-linux-x86_64-fedora-clang | 0.3-1 | 100.10 | NOTE | |||
r-devel-linux-x86_64-fedora-gcc | 0.3-1 | 94.84 | NOTE | |||
r-devel-windows-x86_64 | 0.3-1 | 8.00 | 70.00 | 78.00 | NOTE | |
r-patched-linux-x86_64 | 0.3-1 | 7.80 | 68.75 | 76.55 | NOTE | |
r-release-linux-x86_64 | 0.3-1 | 7.62 | 69.68 | 77.30 | NOTE | |
r-release-macos-arm64 | 0.3-1 | 31.00 | NOTE | |||
r-release-macos-x86_64 | 0.3-1 | 43.00 | NOTE | |||
r-release-windows-x86_64 | 0.3-1 | 8.00 | 70.00 | 78.00 | NOTE | |
r-oldrel-macos-arm64 | 0.3-1 | 35.00 | OK | |||
r-oldrel-macos-x86_64 | 0.3-1 | 54.00 | OK | |||
r-oldrel-windows-x86_64 | 0.3-1 | 9.00 | 83.00 | 92.00 | OK |
Version: 0.3-1
Check: Rd files
Result: NOTE
checkRd: (-1) estimate_t0.Rd:41: Lost braces in \itemize; meant \describe ?
checkRd: (-1) estimate_t0.Rd:42: Lost braces in \itemize; meant \describe ?
checkRd: (-1) estimate_t0.Rd:43: Lost braces in \itemize; meant \describe ?
checkRd: (-1) fitArCo.Rd:73: Lost braces in \itemize; meant \describe ?
checkRd: (-1) fitArCo.Rd:74: Lost braces in \itemize; meant \describe ?
checkRd: (-1) fitArCo.Rd:75: Lost braces in \itemize; meant \describe ?
Flavors: r-devel-linux-x86_64-debian-clang, r-devel-linux-x86_64-debian-gcc, r-devel-linux-x86_64-fedora-clang, r-devel-linux-x86_64-fedora-gcc, r-devel-windows-x86_64, r-patched-linux-x86_64, r-release-linux-x86_64, r-release-macos-arm64, r-release-macos-x86_64, r-release-windows-x86_64