Last updated on 2024-07-18 09:52:09 CEST.
Flavor | Version | Tinstall | Tcheck | Ttotal | Status | Flags |
---|---|---|---|---|---|---|
r-devel-linux-x86_64-debian-clang | 1.3.2 | 8.63 | 42.49 | 51.12 | OK | |
r-devel-linux-x86_64-debian-gcc | 1.3.2 | 6.62 | 32.66 | 39.28 | OK | |
r-devel-linux-x86_64-fedora-clang | 1.3.2 | 69.42 | NOTE | |||
r-devel-windows-x86_64 | 1.3.2 | 8.00 | 60.00 | 68.00 | NOTE | |
r-patched-linux-x86_64 | 1.3.2 | 14.62 | 40.27 | 54.89 | OK | |
r-release-linux-x86_64 | 1.3.2 | 6.42 | 41.73 | 48.15 | OK | |
r-release-macos-arm64 | 1.3.2 | 33.00 | OK | |||
r-release-macos-x86_64 | 1.3.2 | 45.00 | OK | |||
r-release-windows-x86_64 | 1.3.2 | 8.00 | 59.00 | 67.00 | OK | |
r-oldrel-macos-arm64 | 1.3.2 | 31.00 | OK | |||
r-oldrel-macos-x86_64 | 1.3.2 | 44.00 | OK | |||
r-oldrel-windows-x86_64 | 1.3.2 | 9.00 | 62.00 | 71.00 | OK |
Version: 1.3.2
Check: dependencies in R code
Result: NOTE
Namespace in Imports field not imported from: ‘openssl’
All declared Imports should be used.
Flavor: r-devel-linux-x86_64-fedora-clang
Version: 1.3.2
Check: Rd cross-references
Result: NOTE
Undeclared package ‘AzureAuth’ in Rd xrefs
Flavor: r-devel-linux-x86_64-fedora-clang
Version: 1.3.2
Check: Rd cross-references
Result: NOTE
Found the following Rd file(s) with Rd \link{} targets missing package
anchors:
aci.Rd: az_resource_group
acr.Rd: az_resource_group
aks.Rd: az_resource_group
create_aci.Rd: az_resource
create_acr.Rd: az_resource
Please provide package anchors for all Rd \link{} targets not in the
package itself and the base packages.
Flavor: r-devel-windows-x86_64