Last updated on 2024-07-18 09:52:09 CEST.
Flavor | Version | Tinstall | Tcheck | Ttotal | Status | Flags |
---|---|---|---|---|---|---|
r-devel-linux-x86_64-debian-clang | 1.0.1 | 4.62 | 30.79 | 35.41 | OK | |
r-devel-linux-x86_64-debian-gcc | 1.0.1 | 3.13 | 23.76 | 26.89 | OK | |
r-devel-linux-x86_64-fedora-clang | 1.0.1 | 46.31 | NOTE | |||
r-devel-windows-x86_64 | 1.0.1 | 5.00 | 47.00 | 52.00 | NOTE | |
r-patched-linux-x86_64 | 1.0.1 | 9.69 | 29.23 | 38.92 | OK | |
r-release-linux-x86_64 | 1.0.1 | 2.55 | 30.53 | 33.08 | OK | |
r-release-macos-arm64 | 1.0.1 | 24.00 | OK | |||
r-release-macos-x86_64 | 1.0.1 | 36.00 | OK | |||
r-release-windows-x86_64 | 1.0.1 | 4.00 | 46.00 | 50.00 | OK | |
r-oldrel-macos-arm64 | 1.0.1 | 25.00 | OK | |||
r-oldrel-macos-x86_64 | 1.0.1 | 34.00 | OK | |||
r-oldrel-windows-x86_64 | 1.0.1 | 5.00 | 47.00 | 52.00 | OK |
Version: 1.0.1
Check: dependencies in R code
Result: NOTE
Namespaces in Imports field not imported from:
‘httr’ ‘openssl’
All declared Imports should be used.
Flavor: r-devel-linux-x86_64-fedora-clang
Version: 1.0.1
Check: Rd cross-references
Result: NOTE
Found the following Rd file(s) with Rd \link{} targets missing package
anchors:
queue.Rd: storage_endpoint
Please provide package anchors for all Rd \link{} targets not in the
package itself and the base packages.
Flavor: r-devel-windows-x86_64