Last updated on 2024-07-18 09:52:10 CEST.
Flavor | Version | Tinstall | Tcheck | Ttotal | Status | Flags |
---|---|---|---|---|---|---|
r-devel-linux-x86_64-debian-clang | 1.00 | 3.28 | 44.85 | 48.13 | NOTE | |
r-devel-linux-x86_64-debian-gcc | 1.00 | 2.60 | 32.60 | 35.20 | NOTE | |
r-devel-linux-x86_64-fedora-clang | 1.00 | 59.94 | NOTE | |||
r-devel-windows-x86_64 | 1.00 | 4.00 | 57.00 | 61.00 | NOTE | |
r-patched-linux-x86_64 | 1.00 | 3.55 | 41.97 | 45.52 | NOTE | |
r-release-linux-x86_64 | 1.00 | 3.63 | 42.20 | 45.83 | NOTE | |
r-release-macos-arm64 | 1.00 | 31.00 | NOTE | |||
r-release-macos-x86_64 | 1.00 | 45.00 | NOTE | |||
r-release-windows-x86_64 | 1.00 | 4.00 | 55.00 | 59.00 | NOTE | |
r-oldrel-macos-arm64 | 1.00 | 32.00 | NOTE | |||
r-oldrel-macos-x86_64 | 1.00 | 44.00 | NOTE | |||
r-oldrel-windows-x86_64 | 1.00 | 4.00 | 59.00 | 63.00 | NOTE |
Version: 1.00
Check: LazyData
Result: NOTE
'LazyData' is specified without a 'data' directory
Flavors: r-devel-linux-x86_64-debian-clang, r-devel-linux-x86_64-debian-gcc, r-devel-linux-x86_64-fedora-clang, r-devel-windows-x86_64, r-patched-linux-x86_64, r-release-linux-x86_64, r-release-macos-arm64, r-release-macos-x86_64, r-release-windows-x86_64, r-oldrel-macos-arm64, r-oldrel-macos-x86_64, r-oldrel-windows-x86_64
Version: 1.00
Check: dependencies in R code
Result: NOTE
Namespaces in Imports field not imported from:
‘coda’ ‘knitr’ ‘plyr’
All declared Imports should be used.
Flavor: r-devel-linux-x86_64-fedora-clang