Last updated on 2024-07-18 09:52:10 CEST.
Flavor | Version | Tinstall | Tcheck | Ttotal | Status | Flags |
---|---|---|---|---|---|---|
r-devel-linux-x86_64-debian-clang | 0.1.3 | 16.36 | 107.33 | 123.69 | NOTE | |
r-devel-linux-x86_64-debian-gcc | 0.1.3 | 10.69 | 75.23 | 85.92 | NOTE | |
r-devel-linux-x86_64-fedora-clang | 0.1.3 | 154.20 | NOTE | |||
r-devel-windows-x86_64 | 0.1.3 | 12.00 | 82.00 | 94.00 | NOTE | |
r-patched-linux-x86_64 | 0.1.3 | 12.13 | 101.31 | 113.44 | NOTE | |
r-release-linux-x86_64 | 0.1.3 | 12.03 | 101.47 | 113.50 | NOTE | |
r-release-macos-arm64 | 0.1.3 | 43.00 | NOTE | |||
r-release-macos-x86_64 | 0.1.3 | 71.00 | NOTE | |||
r-release-windows-x86_64 | 0.1.3 | 14.00 | 82.00 | 96.00 | NOTE | |
r-oldrel-macos-arm64 | 0.1.3 | 45.00 | NOTE | |||
r-oldrel-macos-x86_64 | 0.1.3 | 79.00 | NOTE | |||
r-oldrel-windows-x86_64 | 0.1.3 | 17.00 | 101.00 | 118.00 | NOTE |
Version: 0.1.3
Check: LazyData
Result: NOTE
'LazyData' is specified without a 'data' directory
Flavors: r-devel-linux-x86_64-debian-clang, r-devel-linux-x86_64-debian-gcc, r-devel-linux-x86_64-fedora-clang, r-devel-windows-x86_64, r-patched-linux-x86_64, r-release-linux-x86_64, r-release-macos-arm64, r-release-macos-x86_64, r-release-windows-x86_64, r-oldrel-macos-arm64, r-oldrel-macos-x86_64, r-oldrel-windows-x86_64