Last updated on 2024-07-18 09:52:10 CEST.
Flavor | Version | Tinstall | Tcheck | Ttotal | Status | Flags |
---|---|---|---|---|---|---|
r-devel-linux-x86_64-debian-clang | 3.0.3 | 26.75 | 83.70 | 110.45 | OK | |
r-devel-linux-x86_64-debian-gcc | 3.0.3 | 27.67 | 57.78 | 85.45 | OK | |
r-devel-linux-x86_64-fedora-clang | 3.0.3 | 144.21 | NOTE | |||
r-devel-windows-x86_64 | 3.0.3 | 29.00 | 82.00 | 111.00 | OK | |
r-patched-linux-x86_64 | 3.0.3 | 18.65 | 73.73 | 92.38 | OK | |
r-release-linux-x86_64 | 3.0.3 | 22.25 | 75.47 | 97.72 | OK | |
r-release-macos-arm64 | 3.0.3 | 57.00 | OK | |||
r-release-macos-x86_64 | 3.0.3 | 105.00 | OK | |||
r-release-windows-x86_64 | 3.0.3 | 27.00 | 79.00 | 106.00 | OK | |
r-oldrel-macos-arm64 | 3.0.3 | 60.00 | OK | |||
r-oldrel-macos-x86_64 | 3.0.3 | 82.00 | OK | |||
r-oldrel-windows-x86_64 | 3.0.3 | 39.00 | 89.00 | 128.00 | OK |
Version: 3.0.3
Check: dependencies in R code
Result: NOTE
Namespace in Imports field not imported from: ‘httr’
All declared Imports should be used.
Flavor: r-devel-linux-x86_64-fedora-clang