Last updated on 2024-07-18 09:52:10 CEST.
Flavor | Version | Tinstall | Tcheck | Ttotal | Status | Flags |
---|---|---|---|---|---|---|
r-devel-linux-x86_64-debian-clang | 4.7.6 | 13.16 | 460.00 | 473.16 | NOTE | |
r-devel-linux-x86_64-debian-gcc | 4.7.6 | 9.09 | 336.07 | 345.16 | NOTE | |
r-devel-linux-x86_64-fedora-clang | 4.7.6 | 567.85 | NOTE | |||
r-devel-windows-x86_64 | 4.7.6 | 14.00 | 328.00 | 342.00 | NOTE | |
r-patched-linux-x86_64 | 4.7.6 | 19.52 | 446.47 | 465.99 | NOTE | |
r-release-linux-x86_64 | 4.7.6 | 11.81 | 446.12 | 457.93 | NOTE | |
r-release-macos-arm64 | 4.7.6 | 158.00 | NOTE | |||
r-release-macos-x86_64 | 4.7.6 | 384.00 | NOTE | |||
r-release-windows-x86_64 | 4.7.6 | 14.00 | 325.00 | 339.00 | NOTE | |
r-oldrel-macos-arm64 | 4.7.6 | 209.00 | NOTE | |||
r-oldrel-macos-x86_64 | 4.7.6 | 353.00 | NOTE | |||
r-oldrel-windows-x86_64 | 4.7.6 | 16.00 | 424.00 | 440.00 | NOTE |
Version: 4.7.6
Check: Rd files
Result: NOTE
checkRd: (-1) BchronDensity.Rd:47: Lost braces in \itemize; \value handles \item{}{} directly
checkRd: (-1) BchronDensity.Rd:48: Lost braces in \itemize; \value handles \item{}{} directly
checkRd: (-1) BchronDensity.Rd:49: Lost braces in \itemize; \value handles \item{}{} directly
checkRd: (-1) BchronDensity.Rd:50: Lost braces in \itemize; \value handles \item{}{} directly
checkRd: (-1) BchronDensity.Rd:51: Lost braces in \itemize; \value handles \item{}{} directly
checkRd: (-1) BchronDensity.Rd:52: Lost braces in \itemize; \value handles \item{}{} directly
checkRd: (-1) BchronDensity.Rd:53: Lost braces in \itemize; \value handles \item{}{} directly
checkRd: (-1) BchronRSL.Rd:34-41: Lost braces
34 | itemize{
| ^
checkRd: (-1) Glendalough.Rd:19: Escaped LaTeX specials: \&
checkRd: (-1) Sluggan.Rd:19: Escaped LaTeX specials: \&
Flavors: r-devel-linux-x86_64-debian-clang, r-devel-linux-x86_64-debian-gcc, r-devel-linux-x86_64-fedora-clang, r-devel-windows-x86_64, r-patched-linux-x86_64, r-release-linux-x86_64, r-release-macos-arm64, r-release-macos-x86_64, r-release-windows-x86_64
Version: 4.7.6
Check: Rd cross-references
Result: NOTE
Found the following Rd file(s) with Rd \link{} targets missing package
anchors:
BchronDensityFast.Rd: densityMclust
Please provide package anchors for all Rd \link{} targets not in the
package itself and the base packages.
Flavor: r-devel-windows-x86_64
Version: 4.7.6
Check: Rd files
Result: NOTE
checkRd: (-1) Glendalough.Rd:19: Escaped LaTeX specials: \&
checkRd: (-1) Sluggan.Rd:19: Escaped LaTeX specials: \&
Flavors: r-oldrel-macos-arm64, r-oldrel-macos-x86_64, r-oldrel-windows-x86_64