Last updated on 2024-07-18 09:52:10 CEST.
Flavor | Version | Tinstall | Tcheck | Ttotal | Status | Flags |
---|---|---|---|---|---|---|
r-devel-linux-x86_64-debian-clang | 1.0.5 | 3.28 | 52.86 | 56.14 | OK | |
r-devel-linux-x86_64-debian-gcc | 1.0.5 | 2.25 | 40.07 | 42.32 | OK | |
r-devel-linux-x86_64-fedora-clang | 1.0.5 | 75.34 | OK | |||
r-devel-windows-x86_64 | 1.0.5 | 4.00 | 60.00 | 64.00 | OK | |
r-patched-linux-x86_64 | 1.0.5 | 3.58 | 52.28 | 55.86 | OK | |
r-release-linux-x86_64 | 1.0.5 | 2.65 | 52.82 | 55.47 | OK | |
r-release-macos-arm64 | 1.0.5 | 31.00 | OK | |||
r-release-macos-x86_64 | 1.0.5 | 46.00 | OK | |||
r-release-windows-x86_64 | 1.0.5 | 3.00 | 62.00 | 65.00 | OK | |
r-oldrel-macos-arm64 | 1.0.5 | 31.00 | OK | |||
r-oldrel-macos-x86_64 | 1.0.5 | 38.00 | NOTE | |||
r-oldrel-windows-x86_64 | 1.0.5 | 4.00 | 67.00 | 71.00 | OK |
Version: 1.0.5
Check: package dependencies
Result: NOTE
Package suggested but not available for checking: ‘Seurat’
Flavor: r-oldrel-macos-x86_64