Last updated on 2024-07-18 09:52:10 CEST.
Flavor | Version | Tinstall | Tcheck | Ttotal | Status | Flags |
---|---|---|---|---|---|---|
r-devel-linux-x86_64-debian-clang | 1.0.0 | 11.96 | 92.30 | 104.26 | OK | |
r-devel-linux-x86_64-debian-gcc | 1.0.0 | 8.84 | 68.21 | 77.05 | OK | |
r-devel-linux-x86_64-fedora-clang | 1.0.0 | 127.56 | OK | |||
r-devel-windows-x86_64 | 1.0.0 | 9.00 | 80.00 | 89.00 | NOTE | |
r-patched-linux-x86_64 | 1.0.0 | 13.90 | 89.88 | 103.78 | OK | |
r-release-linux-x86_64 | 1.0.0 | 5.92 | 89.22 | 95.14 | OK | |
r-release-macos-arm64 | 1.0.0 | 38.00 | OK | |||
r-release-macos-x86_64 | 1.0.0 | 94.00 | OK | |||
r-release-windows-x86_64 | 1.0.0 | 11.00 | 80.00 | 91.00 | OK | |
r-oldrel-macos-arm64 | 1.0.0 | 38.00 | OK | |||
r-oldrel-macos-x86_64 | 1.0.0 | 65.00 | OK | |||
r-oldrel-windows-x86_64 | 1.0.0 | 13.00 | 96.00 | 109.00 | OK |
Version: 1.0.0
Check: Rd cross-references
Result: NOTE
Found the following Rd file(s) with Rd \link{} targets missing package
anchors:
createBarPrior.Rd: fitCyclopsModel
createFastBarPrior.Rd: fitCyclopsModel
Please provide package anchors for all Rd \link{} targets not in the
package itself and the base packages.
Flavor: r-devel-windows-x86_64