Last updated on 2024-07-18 09:52:10 CEST.
Flavor | Version | Tinstall | Tcheck | Ttotal | Status | Flags |
---|---|---|---|---|---|---|
r-devel-linux-x86_64-debian-clang | 3.0.4 | 134.52 | 306.99 | 441.51 | OK | |
r-devel-linux-x86_64-debian-gcc | 3.0.4 | 81.92 | 247.27 | 329.19 | OK | |
r-devel-linux-x86_64-fedora-clang | 3.0.4 | 544.09 | OK | |||
r-devel-windows-x86_64 | 3.0.4 | 103.00 | 151.00 | 254.00 | OK | --no-examples --no-tests --no-vignettes |
r-patched-linux-x86_64 | 3.0.4 | 82.21 | 319.54 | 401.75 | OK | |
r-release-linux-x86_64 | 3.0.4 | 114.82 | 321.14 | 435.96 | OK | |
r-release-macos-arm64 | 3.0.4 | 141.00 | NOTE | |||
r-release-macos-x86_64 | 3.0.4 | 344.00 | NOTE | |||
r-release-windows-x86_64 | 3.0.4 | 103.00 | 146.00 | 249.00 | OK | --no-examples --no-tests --no-vignettes |
r-oldrel-macos-arm64 | 3.0.4 | 178.00 | NOTE | |||
r-oldrel-macos-x86_64 | 3.0.4 | 298.00 | NOTE | |||
r-oldrel-windows-x86_64 | 3.0.4 | 128.00 | 147.00 | 275.00 | OK | --no-examples --no-tests --no-vignettes |
Version: 3.0.4
Check: installed package size
Result: NOTE
installed size is 8.3Mb
sub-directories of 1Mb or more:
libs 6.9Mb
Flavors: r-release-macos-arm64, r-release-macos-x86_64, r-oldrel-macos-arm64, r-oldrel-macos-x86_64